Last updated on 2025-02-21 02:52:23 CET.
Flavor | Version | Tinstall | Tcheck | Ttotal | Status | Flags |
---|---|---|---|---|---|---|
r-devel-linux-x86_64-debian-clang | 5.0.4 | 59.26 | 44.26 | 103.52 | OK | |
r-devel-linux-x86_64-debian-gcc | 5.0.4 | 45.84 | 31.89 | 77.73 | OK | |
r-devel-linux-x86_64-fedora-clang | 5.0.4 | 184.32 | OK | |||
r-devel-linux-x86_64-fedora-gcc | 5.0.4 | 185.69 | OK | |||
r-devel-macos-arm64 | 5.0.4 | 42.00 | OK | |||
r-devel-macos-x86_64 | 5.0.4 | 65.00 | OK | |||
r-devel-windows-x86_64 | 5.0.4 | 111.00 | 126.00 | 237.00 | OK | |
r-patched-linux-x86_64 | 5.0.4 | 65.02 | 40.76 | 105.78 | OK | |
r-release-linux-x86_64 | 5.0.4 | 62.99 | 41.18 | 104.17 | OK | |
r-release-macos-arm64 | 5.0.4 | 54.00 | NOTE | |||
r-release-macos-x86_64 | 5.0.4 | 89.00 | NOTE | |||
r-release-windows-x86_64 | 5.0.4 | 113.00 | 127.00 | 240.00 | OK | |
r-oldrel-macos-arm64 | 5.0.4 | 63.00 | NOTE | |||
r-oldrel-macos-x86_64 | 5.0.4 | 125.00 | NOTE | |||
r-oldrel-windows-x86_64 | 5.0.4 | 120.00 | 131.00 | 251.00 | OK |
Version: 5.0.4
Check: installed package size
Result: NOTE
installed size is 6.9Mb
sub-directories of 1Mb or more:
libs 6.0Mb
Flavors: r-release-macos-arm64, r-release-macos-x86_64, r-oldrel-macos-arm64, r-oldrel-macos-x86_64