Last updated on 2025-02-21 02:52:23 CET.
Flavor | Version | Tinstall | Tcheck | Ttotal | Status | Flags |
---|---|---|---|---|---|---|
r-devel-linux-x86_64-debian-clang | 0.2-2 | 1321.67 | 192.80 | 1514.47 | NOTE | |
r-devel-linux-x86_64-debian-gcc | 0.2-2 | 1176.50 | 227.26 | 1403.76 | NOTE | |
r-devel-linux-x86_64-fedora-clang | 0.2-2 | 2478.93 | OK | |||
r-devel-linux-x86_64-fedora-gcc | 0.2-2 | 3382.41 | OK | |||
r-devel-macos-arm64 | 0.2-2 | 800.00 | OK | |||
r-devel-macos-x86_64 | 0.2-2 | 853.00 | OK | |||
r-devel-windows-x86_64 | 0.2-2 | 1175.00 | 296.00 | 1471.00 | OK | |
r-patched-linux-x86_64 | 0.2-2 | 1491.81 | 299.81 | 1791.62 | NOTE | |
r-release-linux-x86_64 | 0.2-2 | 1506.36 | 302.51 | 1808.87 | NOTE | |
r-release-macos-arm64 | 0.2-2 | 395.00 | NOTE | |||
r-release-macos-x86_64 | 0.2-2 | 270.00 | NOTE | |||
r-release-windows-x86_64 | 0.2-2 | 1184.00 | 296.00 | 1480.00 | NOTE | |
r-oldrel-macos-arm64 | 0.2-2 | 926.00 | NOTE | |||
r-oldrel-macos-x86_64 | 0.2-2 | 515.00 | NOTE | |||
r-oldrel-windows-x86_64 | 0.2-2 | 1595.00 | 376.00 | 1971.00 | NOTE |
Version: 0.2-2
Check: for unstated dependencies in ‘demo’
Result: NOTE
'library' or 'require' calls not declared from:
‘Mcomp’ ‘RODBC’ ‘dplyr’ ‘ggplot2’
Flavors: r-devel-linux-x86_64-debian-clang, r-devel-linux-x86_64-debian-gcc
Version: 0.2-2
Check: for GNU extensions in Makefiles
Result: NOTE
GNU make is a SystemRequirements.
Flavors: r-patched-linux-x86_64, r-release-linux-x86_64, r-release-macos-arm64, r-release-macos-x86_64, r-release-windows-x86_64, r-oldrel-macos-arm64, r-oldrel-macos-x86_64, r-oldrel-windows-x86_64
Version: 0.2-2
Check: installed package size
Result: NOTE
installed size is 161.2Mb
sub-directories of 1Mb or more:
libs 160.2Mb
Flavors: r-release-macos-arm64, r-release-macos-x86_64, r-release-windows-x86_64, r-oldrel-macos-arm64, r-oldrel-macos-x86_64, r-oldrel-windows-x86_64