Last updated on 2025-02-21 02:52:23 CET.
Flavor | Version | Tinstall | Tcheck | Ttotal | Status | Flags |
---|---|---|---|---|---|---|
r-devel-linux-x86_64-debian-clang | 0.3.2 | 207.52 | 67.00 | 274.52 | NOTE | |
r-devel-linux-x86_64-debian-gcc | 0.3.2 | 159.39 | 48.21 | 207.60 | NOTE | |
r-devel-linux-x86_64-fedora-clang | 0.3.2 | 496.67 | NOTE | |||
r-devel-linux-x86_64-fedora-gcc | 0.3.2 | 552.47 | NOTE | |||
r-devel-macos-arm64 | 0.3.2 | 107.00 | NOTE | |||
r-devel-macos-x86_64 | 0.3.2 | 150.00 | NOTE | |||
r-devel-windows-x86_64 | 0.3.2 | 207.00 | 105.00 | 312.00 | NOTE | |
r-patched-linux-x86_64 | 0.3.2 | 225.82 | 62.01 | 287.83 | NOTE | |
r-release-linux-x86_64 | 0.3.2 | 226.10 | 61.93 | 288.03 | NOTE | |
r-release-macos-arm64 | 0.3.2 | 112.00 | NOTE | |||
r-release-macos-x86_64 | 0.3.2 | 109.00 | NOTE | |||
r-release-windows-x86_64 | 0.3.2 | 207.00 | 100.00 | 307.00 | NOTE | |
r-oldrel-macos-arm64 | 0.3.2 | 134.00 | NOTE | |||
r-oldrel-macos-x86_64 | 0.3.2 | 244.00 | NOTE | |||
r-oldrel-windows-x86_64 | 0.3.2 | 247.00 | 146.00 | 393.00 | NOTE |
Version: 0.3.2
Check: C++ specification
Result: NOTE
Specified C++11: please drop specification unless essential
Flavors: r-devel-linux-x86_64-debian-clang, r-devel-linux-x86_64-debian-gcc, r-devel-linux-x86_64-fedora-clang, r-devel-linux-x86_64-fedora-gcc, r-devel-macos-arm64, r-devel-macos-x86_64, r-devel-windows-x86_64, r-patched-linux-x86_64, r-release-linux-x86_64, r-release-macos-arm64, r-release-macos-x86_64, r-release-windows-x86_64, r-oldrel-macos-arm64, r-oldrel-macos-x86_64, r-oldrel-windows-x86_64
Version: 0.3.2
Check: Rd files
Result: NOTE
checkRd: (-1) basic_GS.Rd:42: Lost braces; missing escapes or markup?
42 | \eqn{L} and {U} are strictly lower/upper triangular matrix respectively.
| ^
checkRd: (-1) basic_SOR.Rd:45: Lost braces; missing escapes or markup?
45 | \eqn{L} and {U} are strictly lower/upper triangular matrix respectively.
| ^
checkRd: (-1) basic_SSOR.Rd:45: Lost braces; missing escapes or markup?
45 | \eqn{L} and {U} are strictly lower/upper triangular matrix respectively.
| ^
Flavors: r-devel-linux-x86_64-debian-clang, r-devel-linux-x86_64-debian-gcc, r-devel-linux-x86_64-fedora-clang, r-devel-linux-x86_64-fedora-gcc, r-devel-macos-arm64, r-devel-macos-x86_64, r-devel-windows-x86_64, r-patched-linux-x86_64, r-release-linux-x86_64, r-release-macos-arm64, r-release-macos-x86_64, r-release-windows-x86_64
Version: 0.3.2
Check: installed package size
Result: NOTE
installed size is 12.5Mb
sub-directories of 1Mb or more:
libs 12.3Mb
Flavors: r-release-macos-arm64, r-release-macos-x86_64, r-oldrel-macos-arm64, r-oldrel-macos-x86_64