Last updated on 2025-02-20 14:51:07 CET.
Flavor | Version | Tinstall | Tcheck | Ttotal | Status | Flags |
---|---|---|---|---|---|---|
r-devel-linux-x86_64-debian-clang | 0.17.0 | 6.64 | 80.61 | 87.25 | NOTE | |
r-devel-linux-x86_64-debian-gcc | 0.17.0 | 4.79 | 54.08 | 58.87 | NOTE | |
r-devel-linux-x86_64-fedora-clang | 0.17.0 | 145.47 | OK | |||
r-devel-linux-x86_64-fedora-gcc | 0.17.0 | 153.34 | OK | |||
r-devel-macos-arm64 | 0.17.0 | 43.00 | OK | |||
r-devel-macos-x86_64 | 0.17.0 | 90.00 | OK | |||
r-devel-windows-x86_64 | 0.17.0 | 8.00 | 96.00 | 104.00 | NOTE | |
r-patched-linux-x86_64 | 0.17.0 | 12.36 | 73.95 | 86.31 | OK | |
r-release-linux-x86_64 | 0.17.0 | 6.92 | 73.02 | 79.94 | OK | |
r-release-macos-arm64 | 0.17.0 | 45.00 | OK | |||
r-release-macos-x86_64 | 0.17.0 | 170.00 | OK | |||
r-release-windows-x86_64 | 0.17.0 | 9.00 | 91.00 | 100.00 | OK | |
r-oldrel-macos-arm64 | 0.17.0 | 46.00 | OK | |||
r-oldrel-macos-x86_64 | 0.17.0 | 75.00 | OK | |||
r-oldrel-windows-x86_64 | 0.17.0 | 10.00 | 129.00 | 139.00 | OK |
Version: 0.17.0
Check: Rd cross-references
Result: NOTE
Found the following Rd file(s) with Rd \link{} targets missing package
anchors:
geom_flame.Rd: layer
geom_lolli.Rd: layer
Please provide package anchors for all Rd \link{} targets not in the
package itself and the base packages.
Flavors: r-devel-linux-x86_64-debian-clang, r-devel-linux-x86_64-debian-gcc, r-devel-windows-x86_64