Last updated on 2025-02-21 02:52:23 CET.
Flavor | Version | Tinstall | Tcheck | Ttotal | Status | Flags |
---|---|---|---|---|---|---|
r-devel-linux-x86_64-debian-clang | 0.1.6.2 | 20.28 | 28.49 | 48.77 | OK | |
r-devel-linux-x86_64-debian-gcc | 0.1.6.2 | 15.13 | 22.23 | 37.36 | OK | |
r-devel-linux-x86_64-fedora-clang | 0.1.6.2 | 88.40 | OK | |||
r-devel-linux-x86_64-fedora-gcc | 0.1.6.2 | 85.93 | OK | |||
r-devel-macos-arm64 | 0.1.6.2 | 11.00 | ERROR | |||
r-devel-macos-x86_64 | 0.1.6.2 | 12.00 | ERROR | |||
r-devel-windows-x86_64 | 0.1.6.2 | 22.00 | 80.00 | 102.00 | OK | |
r-patched-linux-x86_64 | 0.1.6.2 | 19.74 | 27.01 | 46.75 | NOTE | |
r-release-linux-x86_64 | 0.1.6.2 | 21.45 | 27.14 | 48.59 | NOTE | |
r-release-macos-arm64 | 0.1.6.2 | 15.00 | ERROR | |||
r-release-macos-x86_64 | 0.1.6.2 | 31.00 | ERROR | |||
r-release-windows-x86_64 | 0.1.6.2 | 23.00 | 68.00 | 91.00 | NOTE | |
r-oldrel-macos-arm64 | 0.1.6.2 | 13.00 | ERROR | |||
r-oldrel-macos-x86_64 | 0.1.6.2 | 24.00 | ERROR | |||
r-oldrel-windows-x86_64 | 0.1.6.2 | 27.00 | 74.00 | 101.00 | NOTE |
Version: 0.1.6.2
Check: whether package can be installed
Result: ERROR
Installation failed.
Flavors: r-devel-macos-arm64, r-devel-macos-x86_64, r-release-macos-arm64, r-release-macos-x86_64, r-oldrel-macos-arm64, r-oldrel-macos-x86_64
Version: 0.1.6.2
Check: LazyData
Result: NOTE
'LazyData' is specified without a 'data' directory
Flavors: r-patched-linux-x86_64, r-release-linux-x86_64, r-release-windows-x86_64, r-oldrel-windows-x86_64