Last updated on 2025-02-20 14:51:07 CET.
Flavor | Version | Tinstall | Tcheck | Ttotal | Status | Flags |
---|---|---|---|---|---|---|
r-devel-linux-x86_64-debian-clang | 2.1.10 | 422.94 | 56.79 | 479.73 | OK | |
r-devel-linux-x86_64-debian-gcc | 2.1.10 | 320.22 | 90.25 | 410.47 | OK | |
r-devel-linux-x86_64-fedora-clang | 2.1.10 | 1040.07 | OK | |||
r-devel-linux-x86_64-fedora-gcc | 2.1.10 | 999.33 | OK | |||
r-devel-macos-arm64 | 2.1.10 | 170.00 | OK | |||
r-devel-macos-x86_64 | 2.1.10 | 181.00 | OK | |||
r-devel-windows-x86_64 | 2.1.10 | 471.00 | 155.00 | 626.00 | OK | |
r-patched-linux-x86_64 | 2.1.10 | 436.33 | 113.46 | 549.79 | OK | |
r-release-linux-x86_64 | 2.1.10 | 436.76 | 114.87 | 551.63 | OK | |
r-release-macos-arm64 | 2.1.10 | 199.00 | NOTE | |||
r-release-macos-x86_64 | 2.1.10 | 146.00 | NOTE | |||
r-release-windows-x86_64 | 2.1.10 | 476.00 | 146.00 | 622.00 | OK | |
r-oldrel-macos-arm64 | 2.1.10 | 204.00 | NOTE | |||
r-oldrel-macos-x86_64 | 2.1.10 | 225.00 | NOTE | |||
r-oldrel-windows-x86_64 | 2.1.10 | 603.00 | 176.00 | 779.00 | OK |
Version: 2.1.10
Check: installed package size
Result: NOTE
installed size is 44.3Mb
sub-directories of 1Mb or more:
libs 43.3Mb
Flavors: r-release-macos-arm64, r-release-macos-x86_64, r-oldrel-macos-arm64, r-oldrel-macos-x86_64