Last updated on 2025-02-20 14:51:07 CET.
Flavor | Version | Tinstall | Tcheck | Ttotal | Status | Flags |
---|---|---|---|---|---|---|
r-devel-linux-x86_64-debian-clang | 3.4.0 | 43.80 | 132.83 | 176.63 | OK | |
r-devel-linux-x86_64-debian-gcc | 3.4.0 | 29.35 | 88.69 | 118.04 | OK | |
r-devel-linux-x86_64-fedora-clang | 3.4.0 | 334.43 | OK | |||
r-devel-linux-x86_64-fedora-gcc | 3.4.0 | 357.97 | OK | |||
r-devel-macos-arm64 | 3.4.0 | 128.00 | OK | |||
r-devel-macos-x86_64 | 3.4.0 | 328.00 | OK | |||
r-devel-windows-x86_64 | 3.4.0 | 64.00 | 217.00 | 281.00 | OK | |
r-patched-linux-x86_64 | 3.4.0 | 39.84 | 123.36 | 163.20 | OK | |
r-release-linux-x86_64 | 3.4.0 | 36.77 | 123.77 | 160.54 | OK | |
r-release-macos-arm64 | 3.4.0 | 179.00 | NOTE | |||
r-release-macos-x86_64 | 3.4.0 | 372.00 | NOTE | |||
r-release-windows-x86_64 | 3.4.0 | 62.00 | 225.00 | 287.00 | OK | |
r-oldrel-macos-arm64 | 3.3.0 | 166.00 | NOTE | |||
r-oldrel-macos-x86_64 | 3.4.0 | 298.00 | NOTE | |||
r-oldrel-windows-x86_64 | 3.4.0 | 72.00 | 238.00 | 310.00 | OK |
Version: 3.4.0
Check: installed package size
Result: NOTE
installed size is 5.5Mb
sub-directories of 1Mb or more:
doc 2.6Mb
libs 1.7Mb
Flavors: r-release-macos-arm64, r-release-macos-x86_64, r-oldrel-macos-x86_64
Version: 3.3.0
Check: installed package size
Result: NOTE
installed size is 5.4Mb
sub-directories of 1Mb or more:
doc 2.6Mb
libs 1.7Mb
Flavor: r-oldrel-macos-arm64