Last updated on 2025-02-21 02:52:23 CET.
Flavor | Version | Tinstall | Tcheck | Ttotal | Status | Flags |
---|---|---|---|---|---|---|
r-devel-linux-x86_64-debian-clang | 1.1.0 | 10.37 | 78.07 | 88.44 | OK | |
r-devel-linux-x86_64-debian-gcc | 1.1.0 | 6.99 | 51.69 | 58.68 | OK | |
r-devel-linux-x86_64-fedora-clang | 1.1.0 | 141.32 | NOTE | |||
r-devel-linux-x86_64-fedora-gcc | 1.1.0 | 133.30 | NOTE | |||
r-devel-macos-arm64 | 1.1.0 | 40.00 | OK | |||
r-devel-macos-x86_64 | 1.1.0 | 78.00 | OK | |||
r-devel-windows-x86_64 | 1.1.0 | 12.00 | 95.00 | 107.00 | OK | |
r-patched-linux-x86_64 | 1.1.0 | 10.68 | 70.30 | 80.98 | OK | |
r-release-linux-x86_64 | 1.1.0 | 9.57 | 69.84 | 79.41 | OK | |
r-release-macos-arm64 | 1.1.0 | 40.00 | OK | |||
r-release-macos-x86_64 | 1.1.0 | 59.00 | OK | |||
r-release-windows-x86_64 | 1.1.0 | 13.00 | 86.00 | 99.00 | OK | |
r-oldrel-macos-arm64 | 1.1.0 | 42.00 | OK | |||
r-oldrel-macos-x86_64 | 1.1.0 | 65.00 | OK | |||
r-oldrel-windows-x86_64 | 1.1.0 | 14.00 | 130.00 | 144.00 | OK |
Version: 1.1.0
Check: dependencies in R code
Result: NOTE
Namespace in Imports field not imported from: ‘glmnet’
All declared Imports should be used.
Flavors: r-devel-linux-x86_64-fedora-clang, r-devel-linux-x86_64-fedora-gcc