CRAN Package Check Results for Package Rosenbrock

Last updated on 2025-02-21 02:52:23 CET.

Flavor Version Tinstall Tcheck Ttotal Status Flags
r-devel-linux-x86_64-debian-clang 0.1.0 1.60 18.55 20.15 OK
r-devel-linux-x86_64-debian-gcc 0.1.0 1.41 15.56 16.97 OK
r-devel-linux-x86_64-fedora-clang 0.1.0 32.05 OK
r-devel-linux-x86_64-fedora-gcc 0.1.0 31.03 OK
r-devel-macos-arm64 0.1.0 15.00 OK
r-devel-macos-x86_64 0.1.0 23.00 OK
r-devel-windows-x86_64 0.1.0 3.00 46.00 49.00 OK
r-patched-linux-x86_64 0.1.0 1.59 17.56 19.15 NOTE
r-release-linux-x86_64 0.1.0 1.63 17.69 19.32 NOTE
r-release-macos-arm64 0.1.0 15.00 NOTE
r-release-macos-x86_64 0.1.0 22.00 NOTE
r-release-windows-x86_64 0.1.0 4.00 40.00 44.00 NOTE
r-oldrel-macos-arm64 0.1.0 13.00 NOTE
r-oldrel-macos-x86_64 0.1.0 18.00 NOTE
r-oldrel-windows-x86_64 0.1.0 3.00 38.00 41.00 NOTE

Check Details

Version: 0.1.0
Check: LazyData
Result: NOTE 'LazyData' is specified without a 'data' directory Flavors: r-patched-linux-x86_64, r-release-linux-x86_64, r-release-macos-arm64, r-release-macos-x86_64, r-release-windows-x86_64, r-oldrel-macos-arm64, r-oldrel-macos-x86_64, r-oldrel-windows-x86_64