Last updated on 2024-05-21 14:57:23 CEST.
Flavor | Version | Tinstall | Tcheck | Ttotal | Status | Flags |
---|---|---|---|---|---|---|
r-devel-linux-x86_64-debian-clang | 0.1-2 | 8.81 | 24.30 | 33.11 | OK | |
r-devel-linux-x86_64-debian-gcc | 0.1-2 | 5.21 | 18.57 | 23.78 | OK | |
r-devel-linux-x86_64-fedora-clang | 0.1-2 | 41.79 | OK | |||
r-devel-linux-x86_64-fedora-gcc | 0.1-2 | 39.27 | OK | |||
r-patched-linux-x86_64 | 0.1-2 | 6.17 | 22.99 | 29.16 | OK | |
r-release-linux-x86_64 | 0.1-2 | 6.83 | 22.57 | 29.40 | OK | |
r-release-macos-arm64 | 0.1-2 | 20.00 | NOTE | |||
r-oldrel-macos-arm64 | 0.1-2 | 25.00 | NOTE | |||
r-oldrel-macos-x86_64 | 0.1-2 | 59.00 | NOTE |
Version: 0.1-2
Check: installed package size
Result: NOTE
installed size is 47.6Mb
sub-directories of 1Mb or more:
libs 47.5Mb
Flavors: r-release-macos-arm64, r-oldrel-macos-arm64, r-oldrel-macos-x86_64