CRAN Package Check Results for Package Rspc

Last updated on 2025-02-18 02:50:48 CET.

Flavor Version Tinstall Tcheck Ttotal Status Flags
r-devel-linux-x86_64-debian-clang 1.2.2 2.18 21.80 23.98 OK
r-devel-linux-x86_64-debian-gcc 1.2.2 1.60 17.36 18.96 OK
r-devel-linux-x86_64-fedora-clang 1.2.2 41.56 OK
r-devel-linux-x86_64-fedora-gcc 1.2.2 52.80 OK
r-devel-macos-arm64 1.2.2 23.00 OK
r-devel-macos-x86_64 1.2.2 57.00 OK
r-devel-windows-x86_64 1.2.2 4.00 44.00 48.00 OK
r-patched-linux-x86_64 1.2.2 2.21 20.80 23.01 NOTE
r-release-linux-x86_64 1.2.2 2.22 20.81 23.03 NOTE
r-release-macos-arm64 1.2.2 23.00 NOTE
r-release-macos-x86_64 1.2.2 32.00 NOTE
r-release-windows-x86_64 1.2.2 4.00 52.00 56.00 NOTE
r-oldrel-macos-arm64 1.2.2 22.00 NOTE
r-oldrel-macos-x86_64 1.2.2 33.00 NOTE
r-oldrel-windows-x86_64 1.2.2 4.00 66.00 70.00 NOTE

Check Details

Version: 1.2.2
Check: LazyData
Result: NOTE 'LazyData' is specified without a 'data' directory Flavors: r-patched-linux-x86_64, r-release-linux-x86_64, r-release-macos-arm64, r-release-macos-x86_64, r-release-windows-x86_64, r-oldrel-macos-arm64, r-oldrel-macos-x86_64, r-oldrel-windows-x86_64