Last updated on 2025-02-21 02:52:24 CET.
Flavor | Version | Tinstall | Tcheck | Ttotal | Status | Flags |
---|---|---|---|---|---|---|
r-devel-linux-x86_64-debian-clang | 0.1.1 | 13.90 | 109.32 | 123.22 | OK | |
r-devel-linux-x86_64-debian-gcc | 0.1.1 | 9.54 | 78.01 | 87.55 | OK | |
r-devel-linux-x86_64-fedora-clang | 0.1.1 | 197.91 | OK | |||
r-devel-linux-x86_64-fedora-gcc | 0.1.1 | 187.33 | OK | |||
r-devel-macos-arm64 | 0.1.1 | 45.00 | OK | |||
r-devel-macos-x86_64 | 0.1.1 | 115.00 | OK | |||
r-devel-windows-x86_64 | 0.1.1 | 13.00 | 110.00 | 123.00 | OK | |
r-patched-linux-x86_64 | 0.1.1 | 12.00 | 101.81 | 113.81 | OK | |
r-release-linux-x86_64 | 0.1.1 | 12.33 | 100.81 | 113.14 | OK | |
r-release-macos-arm64 | 0.1.1 | 12.00 | ERROR | |||
r-release-macos-x86_64 | 0.1.1 | 115.00 | OK | |||
r-release-windows-x86_64 | 0.1.1 | 13.00 | 111.00 | 124.00 | OK | |
r-oldrel-macos-x86_64 | 0.1.1 | 134.00 | OK | |||
r-oldrel-windows-x86_64 | 0.1.1 | 19.00 | 131.00 | 150.00 | OK |
Version: 0.1.1
Check: whether package can be installed
Result: ERROR
Installation failed.
Flavor: r-release-macos-arm64