Last updated on 2025-02-21 02:52:24 CET.
Flavor | Version | Tinstall | Tcheck | Ttotal | Status | Flags |
---|---|---|---|---|---|---|
r-devel-linux-x86_64-debian-clang | 0.24 | 547.82 | 42.14 | 589.96 | OK | |
r-devel-linux-x86_64-debian-gcc | 0.24 | 418.02 | 41.07 | 459.09 | OK | |
r-devel-linux-x86_64-fedora-clang | 0.24 | 1156.73 | WARN | |||
r-devel-linux-x86_64-fedora-gcc | 0.24 | 1243.31 | OK | |||
r-devel-macos-arm64 | 0.24 | 212.00 | OK | |||
r-devel-macos-x86_64 | 0.24 | 189.00 | OK | |||
r-devel-windows-x86_64 | 0.24 | 554.00 | 115.00 | 669.00 | OK | |
r-patched-linux-x86_64 | 0.24 | 582.96 | 51.56 | 634.52 | OK | |
r-release-linux-x86_64 | 0.24 | 570.17 | 50.99 | 621.16 | OK | |
r-release-macos-arm64 | 0.24 | 201.00 | NOTE | |||
r-release-macos-x86_64 | 0.24 | 207.00 | NOTE | |||
r-release-windows-x86_64 | 0.24 | 570.00 | 112.00 | 682.00 | OK | |
r-oldrel-macos-arm64 | 0.24 | 207.00 | NOTE | |||
r-oldrel-macos-x86_64 | 0.24 | 217.00 | NOTE | |||
r-oldrel-windows-x86_64 | 0.24 | 683.00 | 123.00 | 806.00 | OK |
Version: 0.24
Check: whether package can be installed
Result: WARN
Found the following significant warnings:
vcglib/wrap/callback.h:78:12: warning: address of stack memory associated with local variable 'formatted' returned [-Wreturn-stack-address]
See ‘/data/gannet/ripley/R/packages/tests-clang/Rvcg.Rcheck/00install.out’ for details.
* used C compiler: ‘clang version 20.1.0-rc2’
* used C++ compiler: ‘clang version 20.1.0-rc2’
Flavor: r-devel-linux-x86_64-fedora-clang
Version: 0.24
Check: installed package size
Result: NOTE
installed size is 48.4Mb
sub-directories of 1Mb or more:
libs 47.2Mb
Flavors: r-release-macos-arm64, r-release-macos-x86_64, r-oldrel-macos-arm64, r-oldrel-macos-x86_64