Last updated on 2025-02-21 02:52:24 CET.
Flavor | Version | Tinstall | Tcheck | Ttotal | Status | Flags |
---|---|---|---|---|---|---|
r-devel-linux-x86_64-debian-clang | 0.8-3 | 52.62 | 51.88 | 104.50 | NOTE | |
r-devel-linux-x86_64-debian-gcc | 0.8-3 | 42.53 | 36.42 | 78.95 | NOTE | |
r-devel-linux-x86_64-fedora-clang | 0.8-3 | 200.19 | NOTE | |||
r-devel-linux-x86_64-fedora-gcc | 0.8-3 | 192.72 | NOTE | |||
r-devel-macos-arm64 | 0.8-3 | 45.00 | NOTE | |||
r-devel-macos-x86_64 | 0.8-3 | 79.00 | NOTE | |||
r-devel-windows-x86_64 | 0.8-3 | 53.00 | 95.00 | 148.00 | NOTE | |
r-patched-linux-x86_64 | 0.8-3 | 59.90 | 48.78 | 108.68 | NOTE | |
r-release-linux-x86_64 | 0.8-3 | 59.94 | 47.67 | 107.61 | NOTE | |
r-release-macos-arm64 | 0.8-3 | 48.00 | NOTE | |||
r-release-macos-x86_64 | 0.8-3 | 69.00 | NOTE | |||
r-release-windows-x86_64 | 0.8-3 | 58.00 | 94.00 | 152.00 | NOTE | |
r-oldrel-macos-arm64 | 0.8-3 | 57.00 | NOTE | |||
r-oldrel-macos-x86_64 | 0.8-3 | 92.00 | NOTE | |||
r-oldrel-windows-x86_64 | 0.8-3 | 70.00 | 131.00 | 201.00 | NOTE |
Version: 0.8-3
Check: C++ specification
Result: NOTE
Specified C++11: please drop specification unless essential
Flavors: r-devel-linux-x86_64-debian-clang, r-devel-linux-x86_64-debian-gcc, r-devel-linux-x86_64-fedora-clang, r-devel-linux-x86_64-fedora-gcc, r-devel-macos-arm64, r-devel-macos-x86_64, r-devel-windows-x86_64, r-patched-linux-x86_64, r-release-linux-x86_64, r-release-macos-arm64, r-release-macos-x86_64, r-release-windows-x86_64, r-oldrel-macos-arm64, r-oldrel-macos-x86_64, r-oldrel-windows-x86_64
Version: 0.8-3
Check: installed package size
Result: NOTE
installed size is 10.3Mb
sub-directories of 1Mb or more:
libs 9.3Mb
Flavors: r-release-macos-arm64, r-release-macos-x86_64, r-oldrel-macos-arm64, r-oldrel-macos-x86_64