Last updated on 2025-02-21 02:52:24 CET.
Flavor | Version | Tinstall | Tcheck | Ttotal | Status | Flags |
---|---|---|---|---|---|---|
r-devel-linux-x86_64-debian-clang | 1.8.0 | 210.21 | 181.81 | 392.02 | OK | |
r-devel-linux-x86_64-debian-gcc | 1.8.0 | 160.58 | 117.91 | 278.49 | OK | |
r-devel-linux-x86_64-fedora-clang | 1.8.0 | 587.56 | OK | |||
r-devel-linux-x86_64-fedora-gcc | 1.8.0 | 688.19 | OK | |||
r-devel-macos-arm64 | 1.8.0 | 141.00 | OK | |||
r-devel-macos-x86_64 | 1.8.0 | 333.00 | OK | |||
r-devel-windows-x86_64 | 1.8.0 | 200.00 | 193.00 | 393.00 | OK | |
r-patched-linux-x86_64 | 1.8.0 | 225.57 | 165.54 | 391.11 | OK | |
r-release-linux-x86_64 | 1.8.0 | 208.42 | 165.44 | 373.86 | OK | |
r-release-macos-arm64 | 1.8.0 | 150.00 | NOTE | |||
r-release-macos-x86_64 | 1.8.0 | 243.00 | NOTE | |||
r-release-windows-x86_64 | 1.8.0 | 208.00 | 191.00 | 399.00 | NOTE | |
r-oldrel-macos-arm64 | 1.8.0 | 144.00 | NOTE | |||
r-oldrel-macos-x86_64 | 1.8.0 | 255.00 | NOTE | |||
r-oldrel-windows-x86_64 | 1.8.0 | 271.00 | 244.00 | 515.00 | NOTE |
Version: 1.8.0
Check: installed package size
Result: NOTE
installed size is 55.6Mb
sub-directories of 1Mb or more:
R 2.0Mb
libs 53.0Mb
Flavors: r-release-macos-arm64, r-release-macos-x86_64, r-release-windows-x86_64, r-oldrel-macos-arm64, r-oldrel-macos-x86_64, r-oldrel-windows-x86_64