CRAN Package Check Results for Package SBCK

Last updated on 2025-02-18 02:50:48 CET.

Flavor Version Tinstall Tcheck Ttotal Status Flags
r-devel-linux-x86_64-debian-clang 1.0.0 44.79 62.08 106.87 NOTE
r-devel-linux-x86_64-debian-gcc 1.0.0 29.55 45.23 74.78 NOTE
r-devel-linux-x86_64-fedora-clang 1.0.0 181.01 NOTE
r-devel-linux-x86_64-fedora-gcc 1.0.0 173.04 NOTE
r-devel-macos-arm64 1.0.0 48.00 NOTE
r-devel-macos-x86_64 1.0.0 98.00 NOTE
r-devel-windows-x86_64 1.0.0 43.00 124.00 167.00 NOTE
r-patched-linux-x86_64 1.0.0 46.78 58.20 104.98 NOTE
r-release-linux-x86_64 1.0.0 41.08 58.87 99.95 NOTE
r-release-macos-arm64 1.0.0 49.00 NOTE
r-release-macos-x86_64 1.0.0 70.00 NOTE
r-release-windows-x86_64 1.0.0 48.00 118.00 166.00 NOTE
r-oldrel-macos-arm64 1.0.0 52.00 NOTE
r-oldrel-macos-x86_64 1.0.0 100.00 NOTE
r-oldrel-windows-x86_64 1.0.0 57.00 138.00 195.00 OK

Check Details

Version: 1.0.0
Check: Rd files
Result: NOTE checkRd: (-1) OTC.Rd:42: Lost braces; missing escapes or markup? 42 | discretizing R^{numbers of variables}. If NULL, it is estimating | ^ checkRd: (-1) OTC.Rd:83: Lost braces; missing escapes or markup? 83 | discretizing R^{numbers of variables}. If NULL, it is estimating | ^ checkRd: (-1) OTHist.Rd:29: Lost braces; missing escapes or markup? 29 | discretizing R^{numbers of variables}. If NULL, it is estimating | ^ checkRd: (-1) dOTC.Rd:72: Lost braces; missing escapes or markup? 72 | discretizing R^{numbers of variables}. If NULL, it is estimating | ^ Flavors: r-devel-linux-x86_64-debian-clang, r-devel-linux-x86_64-debian-gcc, r-devel-linux-x86_64-fedora-clang, r-devel-linux-x86_64-fedora-gcc, r-devel-macos-arm64, r-devel-macos-x86_64, r-devel-windows-x86_64, r-patched-linux-x86_64, r-release-linux-x86_64, r-release-macos-arm64, r-release-macos-x86_64, r-release-windows-x86_64

Version: 1.0.0
Check: Rd cross-references
Result: NOTE Found the following Rd file(s) with Rd \link{} targets missing package anchors: Shift.Rd: R6Class Please provide package anchors for all Rd \link{} targets not in the package itself and the base packages. Flavors: r-devel-linux-x86_64-debian-clang, r-devel-linux-x86_64-debian-gcc, r-devel-windows-x86_64

Version: 1.0.0
Check: installed package size
Result: NOTE installed size is 5.2Mb sub-directories of 1Mb or more: libs 3.9Mb Flavors: r-release-macos-arm64, r-release-macos-x86_64, r-oldrel-macos-arm64, r-oldrel-macos-x86_64