Last updated on 2025-02-18 02:50:48 CET.
Flavor | Version | Tinstall | Tcheck | Ttotal | Status | Flags |
---|---|---|---|---|---|---|
r-devel-linux-x86_64-debian-clang | 1.0.0 | 7.04 | 86.94 | 93.98 | OK | |
r-devel-linux-x86_64-debian-gcc | 1.0.0 | 5.01 | 66.45 | 71.46 | OK | |
r-devel-linux-x86_64-fedora-clang | 1.0.0 | 155.85 | NOTE | |||
r-devel-linux-x86_64-fedora-gcc | 1.0.0 | 168.45 | NOTE | |||
r-devel-macos-arm64 | 1.0.0 | 50.00 | OK | |||
r-devel-macos-x86_64 | 1.0.0 | 114.00 | OK | |||
r-devel-windows-x86_64 | 1.0.0 | 8.00 | 98.00 | 106.00 | OK | |
r-patched-linux-x86_64 | 1.0.0 | 7.07 | 85.51 | 92.58 | NOTE | |
r-release-linux-x86_64 | 1.0.0 | 6.56 | 85.34 | 91.90 | NOTE | |
r-release-macos-arm64 | 1.0.0 | 43.00 | NOTE | |||
r-release-macos-x86_64 | 1.0.0 | 75.00 | NOTE | |||
r-release-windows-x86_64 | 1.0.0 | 7.00 | 99.00 | 106.00 | NOTE | |
r-oldrel-macos-arm64 | 1.0.0 | 58.00 | NOTE | |||
r-oldrel-macos-x86_64 | 1.0.0 | 94.00 | NOTE | |||
r-oldrel-windows-x86_64 | 1.0.0 | 10.00 | 112.00 | 122.00 | NOTE |
Version: 1.0.0
Check: dependencies in R code
Result: NOTE
Namespace in Imports field not imported from: ‘network’
All declared Imports should be used.
Flavors: r-devel-linux-x86_64-fedora-clang, r-devel-linux-x86_64-fedora-gcc
Version: 1.0.0
Check: LazyData
Result: NOTE
'LazyData' is specified without a 'data' directory
Flavors: r-patched-linux-x86_64, r-release-linux-x86_64, r-release-macos-arm64, r-release-macos-x86_64, r-release-windows-x86_64, r-oldrel-macos-arm64, r-oldrel-macos-x86_64, r-oldrel-windows-x86_64