Last updated on 2024-05-21 14:57:23 CEST.
Flavor | Version | Tinstall | Tcheck | Ttotal | Status | Flags |
---|---|---|---|---|---|---|
r-devel-linux-x86_64-debian-clang | 1.0.0 | 64.81 | 520.91 | 585.72 | OK | |
r-devel-linux-x86_64-debian-gcc | 1.0.0 | 48.27 | 370.25 | 418.52 | OK | |
r-devel-linux-x86_64-fedora-clang | 1.0.0 | 740.98 | OK | |||
r-devel-linux-x86_64-fedora-gcc | 1.0.0 | 707.33 | OK | |||
r-devel-windows-x86_64 | 1.0.0 | 48.00 | 320.00 | 368.00 | OK | |
r-patched-linux-x86_64 | 1.0.0 | 37.72 | 484.04 | 521.76 | OK | |
r-release-linux-x86_64 | 1.0.0 | 37.53 | 482.32 | 519.85 | OK | |
r-release-macos-arm64 | 1.0.0 | 5.00 | ERROR | |||
r-release-macos-x86_64 | 1.0.0 | 519.00 | NOTE | |||
r-release-windows-x86_64 | 1.0.0 | 50.00 | 313.00 | 363.00 | OK | |
r-oldrel-macos-arm64 | 1.0.0 | 13.00 | ERROR | |||
r-oldrel-macos-x86_64 | 1.0.0 | 15.00 | ERROR | |||
r-oldrel-windows-x86_64 | 1.0.0 | 69.00 | 444.00 | 513.00 | OK |
Version: 1.0.0
Check: package dependencies
Result: ERROR
Package required but not available: ‘glmGamPoi’
Package suggested but not available for checking: ‘Linnorm’
See section ‘The DESCRIPTION file’ in the ‘Writing R Extensions’
manual.
Flavors: r-release-macos-arm64, r-oldrel-macos-arm64, r-oldrel-macos-x86_64
Version: 1.0.0
Check: package dependencies
Result: NOTE
Package suggested but not available for checking: ‘Linnorm’
Flavor: r-release-macos-x86_64