Last updated on 2025-02-20 14:51:08 CET.
Flavor | Version | Tinstall | Tcheck | Ttotal | Status | Flags |
---|---|---|---|---|---|---|
r-devel-linux-x86_64-debian-clang | 2.7.3 | 31.22 | 271.25 | 302.47 | OK | |
r-devel-linux-x86_64-debian-gcc | 2.7.3 | 17.87 | 162.45 | 180.32 | OK | |
r-devel-linux-x86_64-fedora-clang | 2.7.3 | 523.51 | OK | |||
r-devel-linux-x86_64-fedora-gcc | 2.7.3 | 461.17 | OK | |||
r-devel-macos-arm64 | 2.7.3 | 102.00 | OK | |||
r-devel-macos-x86_64 | 2.7.3 | 240.00 | OK | |||
r-devel-windows-x86_64 | 2.7.3 | 25.00 | 205.00 | 230.00 | OK | |
r-patched-linux-x86_64 | 2.7.3 | 24.60 | 248.69 | 273.29 | OK | |
r-release-linux-x86_64 | 2.7.3 | 24.69 | 248.92 | 273.61 | OK | |
r-release-macos-arm64 | 2.7.3 | 104.00 | OK | |||
r-release-macos-x86_64 | 2.7.3 | 161.00 | OK | |||
r-release-windows-x86_64 | 2.7.3 | 25.00 | 201.00 | 226.00 | WARN | |
r-oldrel-macos-arm64 | 2.7.3 | 58.00 | OK | |||
r-oldrel-macos-x86_64 | 2.7.3 | 100.00 | OK | |||
r-oldrel-windows-x86_64 | 2.7.3 | 35.00 | 297.00 | 332.00 | OK |
Version: 2.7.3
Check: for unstated dependencies in ‘tests’
Result: WARN
Warning in read.table(file = file, header = header, sep = sep, quote = quote, :
cols = 1 != length(data) = 7
Flavor: r-release-windows-x86_64