Last updated on 2025-02-21 02:52:24 CET.
Flavor | Version | Tinstall | Tcheck | Ttotal | Status | Flags |
---|---|---|---|---|---|---|
r-devel-linux-x86_64-debian-clang | 2.0.1 | 261.00 | 692.34 | 953.34 | OK | |
r-devel-linux-x86_64-debian-gcc | 2.0.1 | 151.41 | 377.15 | 528.56 | OK | |
r-devel-linux-x86_64-fedora-clang | 2.0.1 | 1746.92 | OK | |||
r-devel-linux-x86_64-fedora-gcc | 2.0.1 | 1488.20 | OK | |||
r-devel-macos-arm64 | 2.0.1 | 265.00 | OK | |||
r-devel-macos-x86_64 | 2.0.1 | 674.00 | OK | |||
r-devel-windows-x86_64 | 2.0.1 | 211.00 | 429.00 | 640.00 | OK | |
r-patched-linux-x86_64 | 2.0.1 | 237.51 | 642.99 | 880.50 | OK | |
r-release-linux-x86_64 | 2.0.1 | 228.26 | 632.93 | 861.19 | OK | |
r-release-macos-arm64 | 2.0.1 | 254.00 | NOTE | |||
r-release-macos-x86_64 | 2.0.1 | 478.00 | NOTE | |||
r-release-windows-x86_64 | 2.0.1 | 216.00 | 422.00 | 638.00 | NOTE | |
r-oldrel-macos-arm64 | 2.0.1 | 283.00 | NOTE | |||
r-oldrel-macos-x86_64 | 2.0.1 | 574.00 | NOTE | |||
r-oldrel-windows-x86_64 | 2.0.1 | 299.00 | 586.00 | 885.00 | NOTE |
Version: 2.0.1
Check: installed package size
Result: NOTE
installed size is 9.2Mb
sub-directories of 1Mb or more:
R 8.6Mb
Flavors: r-release-macos-arm64, r-release-macos-x86_64, r-release-windows-x86_64, r-oldrel-macos-arm64, r-oldrel-macos-x86_64, r-oldrel-windows-x86_64