Last updated on 2025-02-18 02:50:49 CET.
Flavor | Version | Tinstall | Tcheck | Ttotal | Status | Flags |
---|---|---|---|---|---|---|
r-devel-linux-x86_64-debian-clang | 28.0-0.0 | 70.22 | 44.48 | 114.70 | OK | |
r-devel-linux-x86_64-debian-gcc | 28.0-0.0 | 52.66 | 33.78 | 86.44 | OK | |
r-devel-linux-x86_64-fedora-clang | 28.0-0.0 | 183.10 | OK | |||
r-devel-linux-x86_64-fedora-gcc | 28.0-0.0 | 195.06 | OK | |||
r-devel-macos-arm64 | 28.0-0.0 | 79.00 | OK | |||
r-devel-macos-x86_64 | 28.0-0.0 | 218.00 | OK | |||
r-devel-windows-x86_64 | 28.0-0.0 | 66.00 | 66.00 | 132.00 | OK | |
r-patched-linux-x86_64 | 28.0-0.0 | 71.61 | 41.61 | 113.22 | OK | |
r-release-linux-x86_64 | 28.0-0.0 | 71.87 | 43.81 | 115.68 | OK | |
r-release-macos-arm64 | 28.0-0.0 | 88.00 | NOTE | |||
r-release-macos-x86_64 | 28.0-0.0 | 236.00 | NOTE | |||
r-release-windows-x86_64 | 28.0-0.0 | 62.00 | 69.00 | 131.00 | NOTE | |
r-oldrel-macos-arm64 | 28.0-0.0 | 97.00 | NOTE | |||
r-oldrel-macos-x86_64 | 28.0-0.0 | 243.00 | NOTE | |||
r-oldrel-windows-x86_64 | 28.0-0.0 | 67.00 | 72.00 | 139.00 | NOTE |
Version: 28.0-0.0
Check: installed package size
Result: NOTE
installed size is 7.6Mb
sub-directories of 1Mb or more:
data 7.5Mb
Flavors: r-release-macos-arm64, r-release-macos-x86_64, r-release-windows-x86_64, r-oldrel-macos-arm64, r-oldrel-macos-x86_64, r-oldrel-windows-x86_64