Last updated on 2025-02-21 02:52:25 CET.
Flavor | Version | Tinstall | Tcheck | Ttotal | Status | Flags |
---|---|---|---|---|---|---|
r-devel-linux-x86_64-debian-clang | 0.1.6 | 49.66 | 465.08 | 514.74 | OK | |
r-devel-linux-x86_64-debian-gcc | 0.1.6 | 36.54 | 343.72 | 380.26 | OK | |
r-devel-linux-x86_64-fedora-clang | 0.1.6 | 814.45 | OK | |||
r-devel-linux-x86_64-fedora-gcc | 0.1.6 | 848.88 | OK | |||
r-devel-macos-arm64 | 0.1.6 | 209.00 | OK | |||
r-devel-macos-x86_64 | 0.1.6 | 391.00 | OK | |||
r-devel-windows-x86_64 | 0.1.6 | 47.00 | 373.00 | 420.00 | OK | |
r-patched-linux-x86_64 | 0.1.6 | 42.85 | 413.66 | 456.51 | OK | |
r-release-linux-x86_64 | 0.1.6 | 42.17 | 410.51 | 452.68 | OK | |
r-release-macos-arm64 | 0.1.6 | 145.00 | OK | |||
r-release-macos-x86_64 | 0.1.6 | 245.00 | OK | |||
r-release-windows-x86_64 | 0.1.6 | 51.00 | 368.00 | 419.00 | OK | |
r-oldrel-macos-arm64 | 0.1.6 | 11.00 | ERROR | |||
r-oldrel-macos-x86_64 | 0.1.6 | 17.00 | ERROR | |||
r-oldrel-windows-x86_64 | 0.1.6 | 68.00 | 489.00 | 557.00 | OK |
Version: 0.1.6
Check: package dependencies
Result: ERROR
Package required but not available: ‘GSVA’
See section ‘The DESCRIPTION file’ in the ‘Writing R Extensions’
manual.
Flavors: r-oldrel-macos-arm64, r-oldrel-macos-x86_64