Last updated on 2025-02-21 02:52:25 CET.
Flavor | Version | Tinstall | Tcheck | Ttotal | Status | Flags |
---|---|---|---|---|---|---|
r-devel-linux-x86_64-debian-clang | 1.0.3 | 30.83 | 25.31 | 56.14 | NOTE | |
r-devel-linux-x86_64-debian-gcc | 1.0.3 | 20.83 | 20.11 | 40.94 | NOTE | |
r-devel-linux-x86_64-fedora-clang | 1.0.3 | 101.71 | NOTE | |||
r-devel-linux-x86_64-fedora-gcc | 1.0.3 | 94.12 | NOTE | |||
r-devel-macos-arm64 | 1.0.3 | 34.00 | NOTE | |||
r-devel-macos-x86_64 | 1.0.3 | 49.00 | NOTE | |||
r-devel-windows-x86_64 | 1.0.3 | 26.00 | 80.00 | 106.00 | NOTE | |
r-patched-linux-x86_64 | 1.0.3 | 27.91 | 24.71 | 52.62 | NOTE | |
r-release-linux-x86_64 | 1.0.3 | 27.89 | 24.46 | 52.35 | NOTE | |
r-release-macos-arm64 | 1.0.3 | 31.00 | NOTE | |||
r-release-macos-x86_64 | 1.0.3 | 41.00 | NOTE | |||
r-release-windows-x86_64 | 1.0.3 | 29.00 | 72.00 | 101.00 | NOTE | |
r-oldrel-macos-arm64 | 1.0.3 | 34.00 | NOTE | |||
r-oldrel-macos-x86_64 | 1.0.3 | 52.00 | NOTE | |||
r-oldrel-windows-x86_64 | 1.0.3 | 34.00 | 83.00 | 117.00 | NOTE |
Version: 1.0.3
Check: C++ specification
Result: NOTE
Specified C++11: please drop specification unless essential
Flavors: r-devel-linux-x86_64-debian-clang, r-devel-linux-x86_64-debian-gcc, r-devel-linux-x86_64-fedora-clang, r-devel-linux-x86_64-fedora-gcc, r-devel-macos-arm64, r-devel-macos-x86_64, r-devel-windows-x86_64, r-patched-linux-x86_64, r-release-linux-x86_64, r-release-macos-arm64, r-release-macos-x86_64, r-release-windows-x86_64, r-oldrel-macos-arm64, r-oldrel-macos-x86_64, r-oldrel-windows-x86_64
Version: 1.0.3
Check: Rd files
Result: NOTE
checkRd: (-1) SMMA.Rd:115: Lost braces
115 | is the empirical explained variance from \cite{Meinshausen and B{u}hlmann, 2015}. See \cite{Lund et al., 2020} for more details and references.
| ^
checkRd: (-1) SMMA.Rd:170: Lost braces
170 | Meinshausen, N and P. B{u}hlmann (2015). Maximin effects in inhomogeneous large-scale data.
| ^
Flavors: r-devel-linux-x86_64-debian-clang, r-devel-linux-x86_64-debian-gcc, r-devel-linux-x86_64-fedora-clang, r-devel-linux-x86_64-fedora-gcc, r-devel-macos-arm64, r-devel-macos-x86_64, r-devel-windows-x86_64, r-patched-linux-x86_64, r-release-linux-x86_64, r-release-macos-arm64, r-release-macos-x86_64, r-release-windows-x86_64