Last updated on 2025-02-21 02:52:26 CET.
Flavor | Version | Tinstall | Tcheck | Ttotal | Status | Flags |
---|---|---|---|---|---|---|
r-devel-linux-x86_64-debian-clang | 1.1.2 | 12.14 | 103.09 | 115.23 | OK | |
r-devel-linux-x86_64-debian-gcc | 1.1.2 | 9.66 | 74.72 | 84.38 | OK | |
r-devel-linux-x86_64-fedora-clang | 1.1.2 | 187.35 | NOTE | |||
r-devel-linux-x86_64-fedora-gcc | 1.1.2 | 164.84 | NOTE | |||
r-devel-macos-arm64 | 1.1.2 | 45.00 | OK | |||
r-devel-macos-x86_64 | 1.1.2 | 86.00 | OK | |||
r-devel-windows-x86_64 | 1.1.2 | 13.00 | 110.00 | 123.00 | OK | |
r-patched-linux-x86_64 | 1.1.2 | 12.38 | 92.47 | 104.85 | OK | |
r-release-linux-x86_64 | 1.1.2 | 11.58 | 90.57 | 102.15 | OK | |
r-release-macos-arm64 | 1.1.2 | 43.00 | OK | |||
r-release-macos-x86_64 | 1.1.2 | 69.00 | OK | |||
r-release-windows-x86_64 | 1.1.2 | 15.00 | 102.00 | 117.00 | OK | |
r-oldrel-macos-arm64 | 1.1.2 | 51.00 | OK | |||
r-oldrel-macos-x86_64 | 1.1.2 | 84.00 | OK | |||
r-oldrel-windows-x86_64 | 1.1.2 | 19.00 | 125.00 | 144.00 | OK |
Version: 1.1.2
Check: dependencies in R code
Result: NOTE
Namespace in Imports field not imported from: ‘rlist’
All declared Imports should be used.
Flavors: r-devel-linux-x86_64-fedora-clang, r-devel-linux-x86_64-fedora-gcc