Last updated on 2024-05-21 14:57:25 CEST.
Flavor | Version | Tinstall | Tcheck | Ttotal | Status | Flags |
---|---|---|---|---|---|---|
r-devel-linux-x86_64-debian-clang | 0.1.0 | 6.42 | 79.67 | 86.09 | NOTE | |
r-devel-linux-x86_64-debian-gcc | 0.1.0 | 7.87 | 60.18 | 68.05 | NOTE | |
r-devel-linux-x86_64-fedora-clang | 0.1.0 | 109.16 | NOTE | |||
r-devel-linux-x86_64-fedora-gcc | 0.1.0 | 105.51 | NOTE | |||
r-devel-windows-x86_64 | 0.1.0 | 8.00 | 73.00 | 81.00 | NOTE | |
r-patched-linux-x86_64 | 0.1.0 | 10.02 | 75.97 | 85.99 | NOTE | |
r-release-linux-x86_64 | 0.1.0 | 7.91 | 75.10 | 83.01 | NOTE | |
r-release-macos-arm64 | 0.1.0 | 36.00 | NOTE | |||
r-release-windows-x86_64 | 0.1.0 | 9.00 | 73.00 | 82.00 | NOTE | |
r-oldrel-macos-arm64 | 0.1.0 | 37.00 | NOTE | |||
r-oldrel-macos-x86_64 | 0.1.0 | 58.00 | NOTE | |||
r-oldrel-windows-x86_64 | 0.1.0 | 11.00 | 87.00 | 98.00 | NOTE |
Version: 0.1.0
Check: LazyData
Result: NOTE
'LazyData' is specified without a 'data' directory
Flavors: r-devel-linux-x86_64-debian-clang, r-devel-linux-x86_64-debian-gcc, r-devel-linux-x86_64-fedora-clang, r-devel-linux-x86_64-fedora-gcc, r-devel-windows-x86_64, r-patched-linux-x86_64, r-release-linux-x86_64, r-release-macos-arm64, r-release-windows-x86_64, r-oldrel-macos-arm64, r-oldrel-macos-x86_64, r-oldrel-windows-x86_64