Last updated on 2024-05-21 14:57:24 CEST.
Flavor | Version | Tinstall | Tcheck | Ttotal | Status | Flags |
---|---|---|---|---|---|---|
r-devel-linux-x86_64-debian-clang | 1.1.1 | 19.21 | 86.50 | 105.71 | OK | |
r-devel-linux-x86_64-debian-gcc | 1.1.1 | 10.94 | 64.09 | 75.03 | OK | |
r-devel-linux-x86_64-fedora-clang | 1.1.1 | 125.49 | NOTE | |||
r-devel-linux-x86_64-fedora-gcc | 1.1.1 | 112.77 | OK | |||
r-devel-windows-x86_64 | 1.1.1 | 15.00 | 93.00 | 108.00 | NOTE | |
r-patched-linux-x86_64 | 1.1.1 | 13.05 | 84.12 | 97.17 | OK | |
r-release-linux-x86_64 | 1.1.1 | 11.98 | 83.02 | 95.00 | OK | |
r-release-macos-arm64 | 1.1.1 | 35.00 | NOTE | |||
r-release-windows-x86_64 | 1.1.1 | 15.00 | 92.00 | 107.00 | NOTE | |
r-oldrel-macos-arm64 | 1.1.1 | 40.00 | NOTE | |||
r-oldrel-macos-x86_64 | 1.1.1 | 81.00 | NOTE | |||
r-oldrel-windows-x86_64 | 1.1.1 | 20.00 | 107.00 | 127.00 | NOTE |
Version: 1.1.1
Check: installed package size
Result: NOTE
installed size is 19.2Mb
sub-directories of 1Mb or more:
extdata 18.1Mb
Flavors: r-devel-linux-x86_64-fedora-clang, r-devel-windows-x86_64, r-release-macos-arm64, r-release-windows-x86_64, r-oldrel-macos-arm64, r-oldrel-macos-x86_64, r-oldrel-windows-x86_64