CRAN Package Check Results for Package Select

Last updated on 2025-02-20 14:51:09 CET.

Flavor Version Tinstall Tcheck Ttotal Status Flags
r-devel-linux-x86_64-debian-clang 1.4 2.01 30.17 32.18 OK
r-devel-linux-x86_64-debian-gcc 1.4 1.58 23.26 24.84 OK
r-devel-linux-x86_64-fedora-clang 1.4 53.31 NOTE
r-devel-linux-x86_64-fedora-gcc 1.4 64.88 NOTE
r-devel-macos-arm64 1.4 27.00 OK
r-devel-macos-x86_64 1.4 44.00 OK
r-devel-windows-x86_64 1.4 4.00 66.00 70.00 OK
r-patched-linux-x86_64 1.4 2.18 28.45 30.63 OK
r-release-linux-x86_64 1.4 1.91 28.88 30.79 OK
r-release-macos-arm64 1.4 26.00 OK
r-release-macos-x86_64 1.4 37.00 OK
r-release-windows-x86_64 1.4 4.00 59.00 63.00 OK
r-oldrel-macos-arm64 1.4 29.00 OK
r-oldrel-macos-x86_64 1.4 34.00 OK
r-oldrel-windows-x86_64 1.4 4.00 53.00 57.00 OK

Check Details

Version: 1.4
Check: dependencies in R code
Result: NOTE Namespace in Imports field not imported from: ‘FD’ All declared Imports should be used. Flavors: r-devel-linux-x86_64-fedora-clang, r-devel-linux-x86_64-fedora-gcc