CRAN Package Check Results for Package SemiCompRisks

Last updated on 2025-02-18 02:50:49 CET.

Flavor Version Tinstall Tcheck Ttotal Status Flags
r-devel-linux-x86_64-debian-clang 3.4 53.20 115.96 169.16 OK
r-devel-linux-x86_64-debian-gcc 3.4 46.82 76.77 123.59 OK
r-devel-linux-x86_64-fedora-clang 3.4 280.46 OK
r-devel-linux-x86_64-fedora-gcc 3.4 327.53 OK
r-devel-macos-arm64 3.4 82.00 WARN
r-devel-macos-x86_64 3.4 144.00 OK
r-devel-windows-x86_64 3.4 77.00 146.00 223.00 OK
r-patched-linux-x86_64 3.4 69.27 107.46 176.73 OK
r-release-linux-x86_64 3.4 70.17 111.04 181.21 OK
r-release-macos-arm64 3.4 89.00 WARN
r-release-macos-x86_64 3.4 108.00 NOTE
r-release-windows-x86_64 3.4 83.00 149.00 232.00 OK
r-oldrel-macos-arm64 3.4 84.00 WARN
r-oldrel-macos-x86_64 3.4 148.00 NOTE
r-oldrel-windows-x86_64 3.4 95.00 163.00 258.00 OK

Check Details

Version: 3.4
Check: re-building of vignette outputs
Result: WARN Error(s) in re-building vignettes: --- re-building ‘SemiCompRisks.ltx’ using tex Error: processing vignette 'SemiCompRisks.ltx' failed with diagnostics: Running 'texi2dvi' on 'SemiCompRisks.ltx' failed. LaTeX errors: !pdfTeX error: pdflatex (file bbm8): Font bbm8 at 600 not found ==> Fatal error occurred, no output PDF file produced! --- failed re-building ‘SemiCompRisks.ltx’ SUMMARY: processing the following file failed: ‘SemiCompRisks.ltx’ Error: Vignette re-building failed. Execution halted Flavors: r-devel-macos-arm64, r-release-macos-arm64

Version: 3.4
Check: installed package size
Result: NOTE installed size is 6.8Mb sub-directories of 1Mb or more: libs 5.8Mb Flavors: r-release-macos-arm64, r-release-macos-x86_64, r-oldrel-macos-arm64, r-oldrel-macos-x86_64

Version: 3.4
Check: re-building of vignette outputs
Result: WARN Error(s) in re-building vignettes: ... --- re-building ‘SemiCompRisks.ltx’ using tex Error: processing vignette 'SemiCompRisks.ltx' failed with diagnostics: Running 'texi2dvi' on 'SemiCompRisks.ltx' failed. LaTeX errors: !pdfTeX error: pdflatex (file bbm8): Font bbm8 at 600 not found ==> Fatal error occurred, no output PDF file produced! --- failed re-building ‘SemiCompRisks.ltx’ SUMMARY: processing the following file failed: ‘SemiCompRisks.ltx’ Error: Vignette re-building failed. Execution halted Flavor: r-oldrel-macos-arm64