CRAN Package Check Results for Package ShapeChange

Last updated on 2025-02-21 02:52:25 CET.

Flavor Version Tinstall Tcheck Ttotal Status Flags
r-devel-linux-x86_64-debian-clang 1.5 9.67 49.32 58.99 NOTE
r-devel-linux-x86_64-debian-gcc 1.5 6.13 33.80 39.93 NOTE
r-devel-linux-x86_64-fedora-clang 1.5 102.35 NOTE
r-devel-linux-x86_64-fedora-gcc 1.5 100.48 NOTE
r-devel-macos-arm64 1.5 26.00 NOTE
r-devel-macos-x86_64 1.5 48.00 NOTE
r-devel-windows-x86_64 1.5 10.00 65.00 75.00 NOTE
r-patched-linux-x86_64 1.5 8.98 46.22 55.20 NOTE
r-release-linux-x86_64 1.5 9.22 46.48 55.70 NOTE
r-release-macos-arm64 1.5 26.00 NOTE
r-release-macos-x86_64 1.5 38.00 NOTE
r-release-windows-x86_64 1.5 10.00 64.00 74.00 NOTE
r-oldrel-macos-arm64 1.5 31.00 OK
r-oldrel-macos-x86_64 1.5 56.00 OK
r-oldrel-windows-x86_64 1.5 13.00 69.00 82.00 OK

Check Details

Version: 1.5
Check: Rd files
Result: NOTE checkRd: (-1) changept.Rd:17-19: Lost braces in \itemize; meant \describe ? checkRd: (-1) changept.Rd:20-21: Lost braces in \itemize; meant \describe ? checkRd: (-1) changept.Rd:22: Lost braces in \itemize; meant \describe ? Flavors: r-devel-linux-x86_64-debian-clang, r-devel-linux-x86_64-debian-gcc, r-devel-linux-x86_64-fedora-clang, r-devel-linux-x86_64-fedora-gcc, r-devel-macos-arm64, r-devel-macos-x86_64, r-devel-windows-x86_64, r-patched-linux-x86_64, r-release-linux-x86_64, r-release-macos-arm64, r-release-macos-x86_64, r-release-windows-x86_64