Last updated on 2025-02-21 02:52:25 CET.
Flavor | Version | Tinstall | Tcheck | Ttotal | Status | Flags |
---|---|---|---|---|---|---|
r-devel-linux-x86_64-debian-clang | 2.2.5 | 7.87 | 79.15 | 87.02 | OK | |
r-devel-linux-x86_64-debian-gcc | 2.2.5 | 6.48 | 59.45 | 65.93 | OK | |
r-devel-linux-x86_64-fedora-clang | 2.2.5 | 143.55 | OK | |||
r-devel-linux-x86_64-fedora-gcc | 2.2.5 | 152.32 | OK | |||
r-devel-macos-arm64 | 2.2.5 | 57.00 | OK | |||
r-devel-macos-x86_64 | 2.2.5 | 86.00 | OK | |||
r-devel-windows-x86_64 | 2.2.5 | 9.00 | 97.00 | 106.00 | OK | |
r-patched-linux-x86_64 | 2.2.5 | 7.42 | 74.20 | 81.62 | OK | |
r-release-linux-x86_64 | 2.2.5 | 7.80 | 74.16 | 81.96 | OK | |
r-release-macos-arm64 | 2.2.5 | 53.00 | OK | |||
r-release-macos-x86_64 | 2.2.5 | 80.00 | OK | |||
r-release-windows-x86_64 | 2.2.5 | 11.00 | 93.00 | 104.00 | OK | |
r-oldrel-macos-arm64 | 2.2.5 | 58.00 | NOTE | |||
r-oldrel-macos-x86_64 | 2.2.5 | 86.00 | NOTE | |||
r-oldrel-windows-x86_64 | 2.2.5 | 11.00 | 145.00 | 156.00 | OK |
Version: 2.2.5
Check: package dependencies
Result: NOTE
Package suggested but not available for checking: ‘rhdf5’
Flavors: r-oldrel-macos-arm64, r-oldrel-macos-x86_64