Last updated on 2025-02-21 02:52:25 CET.
Flavor | Version | Tinstall | Tcheck | Ttotal | Status | Flags |
---|---|---|---|---|---|---|
r-devel-linux-x86_64-debian-clang | 9.8.1 | 26.87 | 224.48 | 251.35 | OK | |
r-devel-linux-x86_64-debian-gcc | 9.8.1 | 17.83 | 160.76 | 178.59 | OK | |
r-devel-linux-x86_64-fedora-clang | 9.8.1 | 410.57 | OK | |||
r-devel-linux-x86_64-fedora-gcc | 9.8.1 | 398.74 | OK | |||
r-devel-macos-arm64 | 9.8.1 | 129.00 | OK | |||
r-devel-macos-x86_64 | 9.8.1 | 281.00 | OK | |||
r-devel-windows-x86_64 | 9.8.1 | 32.00 | 275.00 | 307.00 | OK | |
r-patched-linux-x86_64 | 9.8.1 | 24.51 | 208.83 | 233.34 | OK | |
r-release-linux-x86_64 | 9.8.1 | 23.55 | 208.63 | 232.18 | OK | |
r-release-macos-arm64 | 9.8.1 | 136.00 | NOTE | |||
r-release-macos-x86_64 | 9.8.1 | 324.00 | NOTE | |||
r-release-windows-x86_64 | 9.8.1 | 33.00 | 270.00 | 303.00 | OK | |
r-oldrel-macos-arm64 | 9.8.1 | 182.00 | NOTE | |||
r-oldrel-macos-x86_64 | 9.8.1 | 360.00 | NOTE | |||
r-oldrel-windows-x86_64 | 9.8.1 | 34.00 | 334.00 | 368.00 | OK |
Version: 9.8.1
Check: installed package size
Result: NOTE
installed size is 7.6Mb
sub-directories of 1Mb or more:
data 2.8Mb
doc 1.0Mb
libs 2.7Mb
Flavors: r-release-macos-arm64, r-release-macos-x86_64, r-oldrel-macos-arm64, r-oldrel-macos-x86_64