Last updated on 2025-02-21 02:52:25 CET.
Flavor | Version | Tinstall | Tcheck | Ttotal | Status | Flags |
---|---|---|---|---|---|---|
r-devel-linux-x86_64-debian-clang | 2.0.0 | 13.43 | 73.05 | 86.48 | OK | |
r-devel-linux-x86_64-debian-gcc | 2.0.0 | 10.82 | 50.81 | 61.63 | OK | |
r-devel-linux-x86_64-fedora-clang | 2.0.0 | 140.17 | OK | |||
r-devel-linux-x86_64-fedora-gcc | 2.0.0 | 141.04 | OK | |||
r-devel-macos-arm64 | 2.0.0 | 54.00 | OK | |||
r-devel-macos-x86_64 | 2.0.0 | 92.00 | OK | |||
r-devel-windows-x86_64 | 2.0.0 | 15.00 | 87.00 | 102.00 | OK | |
r-patched-linux-x86_64 | 2.0.0 | 12.28 | 67.43 | 79.71 | OK | |
r-release-linux-x86_64 | 2.0.0 | 12.27 | 65.98 | 78.25 | OK | |
r-release-macos-arm64 | 2.0.0 | 66.00 | NOTE | |||
r-release-macos-x86_64 | 2.0.0 | 92.00 | NOTE | |||
r-release-windows-x86_64 | 2.0.0 | 19.00 | 83.00 | 102.00 | OK | |
r-oldrel-macos-arm64 | 2.0.0 | 95.00 | NOTE | |||
r-oldrel-macos-x86_64 | 2.0.0 | 99.00 | NOTE | |||
r-oldrel-windows-x86_64 | 2.0.0 | 22.00 | 100.00 | 122.00 | OK |
Version: 2.0.0
Check: installed package size
Result: NOTE
installed size is 5.7Mb
sub-directories of 1Mb or more:
data 5.5Mb
Flavors: r-release-macos-arm64, r-release-macos-x86_64, r-oldrel-macos-arm64, r-oldrel-macos-x86_64