Last updated on 2025-05-29 02:51:03 CEST.
Flavor | Version | Tinstall | Tcheck | Ttotal | Status | Flags |
---|---|---|---|---|---|---|
r-devel-linux-x86_64-debian-clang | 0.1.3 | 32.39 | 32.76 | 65.15 | NOTE | |
r-devel-linux-x86_64-debian-gcc | 0.1.3 | 23.41 | 26.81 | 50.22 | NOTE | |
r-devel-linux-x86_64-fedora-clang | 0.1.3 | 135.87 | NOTE | |||
r-devel-linux-x86_64-fedora-gcc | 0.1.3 | 111.11 | NOTE | |||
r-devel-windows-x86_64 | 0.1.3 | 44.00 | 80.00 | 124.00 | NOTE | |
r-patched-linux-x86_64 | 0.1.3 | 36.49 | 32.17 | 68.66 | NOTE | |
r-release-linux-x86_64 | 0.1.3 | 35.58 | 32.30 | 67.88 | NOTE | |
r-release-macos-arm64 | 0.1.3 | 51.00 | NOTE | |||
r-release-macos-x86_64 | 0.1.3 | 64.00 | NOTE | |||
r-release-windows-x86_64 | 0.1.3 | 45.00 | 84.00 | 129.00 | NOTE | |
r-oldrel-macos-arm64 | 0.1.3 | 42.00 | NOTE | |||
r-oldrel-macos-x86_64 | 0.1.3 | 58.00 | NOTE | |||
r-oldrel-windows-x86_64 | 0.1.3 | 51.00 | 93.00 | 144.00 | NOTE |
Version: 0.1.3
Check: C++ specification
Result: NOTE
Specified C++14: please drop specification unless essential
Flavors: r-devel-linux-x86_64-debian-clang, r-devel-linux-x86_64-debian-gcc, r-devel-linux-x86_64-fedora-clang, r-devel-linux-x86_64-fedora-gcc, r-devel-windows-x86_64, r-patched-linux-x86_64, r-release-linux-x86_64, r-release-macos-arm64, r-release-macos-x86_64, r-release-windows-x86_64, r-oldrel-macos-arm64, r-oldrel-macos-x86_64, r-oldrel-windows-x86_64