Last updated on 2025-02-20 14:51:09 CET.
Flavor | Version | Tinstall | Tcheck | Ttotal | Status | Flags |
---|---|---|---|---|---|---|
r-devel-linux-x86_64-debian-clang | 0.1.0 | 6.15 | 50.96 | 57.11 | OK | |
r-devel-linux-x86_64-debian-gcc | 0.1.0 | 4.45 | 35.16 | 39.61 | OK | |
r-devel-linux-x86_64-fedora-clang | 0.1.0 | 100.77 | OK | |||
r-devel-linux-x86_64-fedora-gcc | 0.1.0 | 85.33 | OK | |||
r-devel-macos-arm64 | 0.1.0 | 27.00 | OK | |||
r-devel-macos-x86_64 | 0.1.0 | 48.00 | OK | |||
r-devel-windows-x86_64 | 0.1.0 | 10.00 | 75.00 | 85.00 | OK | |
r-patched-linux-x86_64 | 0.1.0 | 6.33 | 46.64 | 52.97 | OK | |
r-release-linux-x86_64 | 0.1.0 | 5.61 | 47.06 | 52.67 | OK | |
r-release-macos-arm64 | 0.1.0 | 33.00 | OK | |||
r-release-macos-x86_64 | 0.1.0 | 54.00 | OK | |||
r-release-windows-x86_64 | 0.1.0 | 11.00 | 4.00 | 15.00 | FAIL | |
r-oldrel-macos-x86_64 | 0.1.0 | 60.00 | OK | |||
r-oldrel-windows-x86_64 | 0.1.0 | 12.00 | 81.00 | 93.00 | OK |
Version: 0.1.0
Check: package dependencies
Result: FAIL
Flavor: r-release-windows-x86_64