Last updated on 2025-02-21 02:52:25 CET.
Flavor | Version | Tinstall | Tcheck | Ttotal | Status | Flags |
---|---|---|---|---|---|---|
r-devel-linux-x86_64-debian-clang | 0.1.3 | 43.87 | 221.44 | 265.31 | OK | |
r-devel-linux-x86_64-debian-gcc | 0.1.3 | 30.21 | 157.14 | 187.35 | OK | |
r-devel-linux-x86_64-fedora-clang | 0.1.3 | 455.83 | OK | |||
r-devel-linux-x86_64-fedora-gcc | 0.1.3 | 432.40 | OK | |||
r-devel-macos-arm64 | 0.1.3 | 104.00 | OK | |||
r-devel-macos-x86_64 | 0.1.3 | 203.00 | OK | |||
r-devel-windows-x86_64 | 0.1.3 | 44.00 | 210.00 | 254.00 | OK | |
r-patched-linux-x86_64 | 0.1.3 | 40.48 | 202.63 | 243.11 | NOTE | |
r-release-linux-x86_64 | 0.1.3 | 38.83 | 200.17 | 239.00 | NOTE | |
r-release-macos-arm64 | 0.1.3 | 105.00 | NOTE | |||
r-release-macos-x86_64 | 0.1.3 | 157.00 | NOTE | |||
r-release-windows-x86_64 | 0.1.3 | 45.00 | 204.00 | 249.00 | NOTE | |
r-oldrel-macos-arm64 | 0.1.3 | 118.00 | NOTE | |||
r-oldrel-macos-x86_64 | 0.1.3 | 299.00 | NOTE | |||
r-oldrel-windows-x86_64 | 0.1.3 | 58.00 | 8.00 | 66.00 | ERROR |
Version: 0.1.3
Check: LazyData
Result: NOTE
'LazyData' is specified without a 'data' directory
Flavors: r-patched-linux-x86_64, r-release-linux-x86_64, r-release-macos-arm64, r-release-macos-x86_64, r-release-windows-x86_64, r-oldrel-macos-arm64, r-oldrel-macos-x86_64
Version: 0.1.3
Check: whether package can be installed
Result: ERROR
Installation failed.
Flavor: r-oldrel-windows-x86_64