Last updated on 2025-02-21 02:52:25 CET.
Flavor | Version | Tinstall | Tcheck | Ttotal | Status | Flags |
---|---|---|---|---|---|---|
r-devel-linux-x86_64-debian-clang | 2024.04.10 | 22.19 | 80.18 | 102.37 | NOTE | |
r-devel-linux-x86_64-debian-gcc | 2024.04.10 | 14.98 | 54.71 | 69.69 | NOTE | |
r-devel-linux-x86_64-fedora-clang | 2024.04.10 | 164.48 | OK | |||
r-devel-linux-x86_64-fedora-gcc | 2024.04.10 | 146.35 | OK | |||
r-devel-macos-arm64 | 2024.04.10 | 53.00 | OK | |||
r-devel-macos-x86_64 | 2024.04.10 | 96.00 | OK | |||
r-devel-windows-x86_64 | 2024.04.10 | 28.00 | 99.00 | 127.00 | NOTE | |
r-patched-linux-x86_64 | 2024.04.10 | 21.77 | 70.86 | 92.63 | OK | |
r-release-linux-x86_64 | 2024.04.10 | 17.30 | 71.13 | 88.43 | OK | |
r-release-macos-arm64 | 2024.04.10 | 48.00 | OK | |||
r-release-macos-x86_64 | 2024.04.10 | 67.00 | OK | |||
r-release-windows-x86_64 | 2024.04.10 | 31.00 | 98.00 | 129.00 | OK | |
r-oldrel-macos-arm64 | 2024.04.10 | 55.00 | OK | |||
r-oldrel-macos-x86_64 | 2024.04.10 | 105.00 | OK | |||
r-oldrel-windows-x86_64 | 2024.04.10 | 33.00 | 116.00 | 149.00 | OK |
Version: 2024.04.10
Check: Rd cross-references
Result: NOTE
Found the following Rd file(s) with Rd \link{} targets missing package
anchors:
plot.idm.Rd: SmartControl
Please provide package anchors for all Rd \link{} targets not in the
package itself and the base packages.
Flavors: r-devel-linux-x86_64-debian-clang, r-devel-linux-x86_64-debian-gcc, r-devel-windows-x86_64