Last updated on 2025-02-21 02:52:26 CET.
Flavor | Version | Tinstall | Tcheck | Ttotal | Status | Flags |
---|---|---|---|---|---|---|
r-devel-linux-x86_64-debian-clang | 0.8.2 | 2.13 | 42.53 | 44.66 | NOTE | |
r-devel-linux-x86_64-debian-gcc | 0.8.2 | 1.81 | 29.55 | 31.36 | NOTE | |
r-devel-linux-x86_64-fedora-clang | 0.8.2 | 78.19 | NOTE | |||
r-devel-linux-x86_64-fedora-gcc | 0.8.2 | 83.55 | NOTE | |||
r-devel-macos-arm64 | 0.8.2 | 30.00 | NOTE | |||
r-devel-macos-x86_64 | 0.8.2 | 85.00 | NOTE | |||
r-devel-windows-x86_64 | 0.8.2 | 3.00 | 81.00 | 84.00 | NOTE | |
r-patched-linux-x86_64 | 0.8.2 | 2.22 | 39.00 | 41.22 | NOTE | |
r-release-linux-x86_64 | 0.8.2 | 2.01 | 37.47 | 39.48 | NOTE | |
r-release-macos-arm64 | 0.8.2 | 33.00 | NOTE | |||
r-release-macos-x86_64 | 0.8.2 | 75.00 | NOTE | |||
r-release-windows-x86_64 | 0.8.2 | 3.00 | 74.00 | 77.00 | NOTE | |
r-oldrel-macos-arm64 | 0.8.2 | 35.00 | NOTE | |||
r-oldrel-macos-x86_64 | 0.8.2 | 55.00 | NOTE | |||
r-oldrel-windows-x86_64 | 0.8.2 | 4.00 | 72.00 | 76.00 | NOTE |
Version: 0.8.2
Check: DESCRIPTION meta-information
Result: NOTE
Malformed Description field: should contain one or more complete sentences.
Flavors: r-devel-linux-x86_64-debian-clang, r-devel-linux-x86_64-debian-gcc, r-devel-linux-x86_64-fedora-clang, r-devel-linux-x86_64-fedora-gcc, r-devel-macos-arm64, r-devel-macos-x86_64, r-devel-windows-x86_64, r-patched-linux-x86_64, r-release-linux-x86_64, r-release-macos-arm64, r-release-macos-x86_64, r-release-windows-x86_64, r-oldrel-macos-arm64, r-oldrel-macos-x86_64, r-oldrel-windows-x86_64