Last updated on 2025-02-20 14:51:10 CET.
Flavor | Version | Tinstall | Tcheck | Ttotal | Status | Flags |
---|---|---|---|---|---|---|
r-devel-linux-x86_64-debian-clang | 1.0 | 70.84 | 57.47 | 128.31 | OK | |
r-devel-linux-x86_64-debian-gcc | 1.0 | 45.39 | 42.68 | 88.07 | OK | |
r-devel-linux-x86_64-fedora-clang | 1.0 | 265.77 | OK | |||
r-devel-linux-x86_64-fedora-gcc | 1.0 | 214.07 | OK | |||
r-devel-macos-arm64 | 1.0 | 50.00 | OK | |||
r-devel-macos-x86_64 | 1.0 | 79.00 | OK | |||
r-devel-windows-x86_64 | 1.0 | 72.00 | 93.00 | 165.00 | OK | |
r-patched-linux-x86_64 | 1.0 | 62.59 | 54.07 | 116.66 | OK | |
r-release-linux-x86_64 | 1.0 | 62.82 | 54.10 | 116.92 | OK | |
r-release-macos-arm64 | 1.0 | 53.00 | OK | |||
r-release-macos-x86_64 | 1.0 | 63.00 | OK | |||
r-release-windows-x86_64 | 1.0 | 73.00 | 3.00 | 76.00 | FAIL | |
r-oldrel-macos-arm64 | 1.0 | 67.00 | OK | |||
r-oldrel-macos-x86_64 | 1.0 | 107.00 | OK | |||
r-oldrel-windows-x86_64 | 1.0 | 87.00 | 128.00 | 215.00 | OK |
Version: 1.0
Check: package dependencies
Result: FAIL
Flavor: r-release-windows-x86_64