Last updated on 2025-02-18 02:50:50 CET.
Flavor | Version | Tinstall | Tcheck | Ttotal | Status | Flags |
---|---|---|---|---|---|---|
r-devel-linux-x86_64-debian-clang | 1.0-4 | 6.31 | 51.47 | 57.78 | NOTE | |
r-devel-linux-x86_64-debian-gcc | 1.0-4 | 5.29 | 40.05 | 45.34 | NOTE | |
r-devel-linux-x86_64-fedora-clang | 1.0-4 | 91.65 | NOTE | |||
r-devel-linux-x86_64-fedora-gcc | 1.0-4 | 93.24 | NOTE | |||
r-devel-macos-arm64 | 1.0-4 | 31.00 | NOTE | |||
r-devel-macos-x86_64 | 1.0-4 | 55.00 | NOTE | |||
r-devel-windows-x86_64 | 1.0-4 | 7.00 | 67.00 | 74.00 | NOTE | |
r-patched-linux-x86_64 | 1.0-4 | 5.00 | 49.41 | 54.41 | NOTE | |
r-release-linux-x86_64 | 1.0-4 | 6.04 | 48.68 | 54.72 | NOTE | |
r-release-macos-arm64 | 1.0-4 | 28.00 | NOTE | |||
r-release-macos-x86_64 | 1.0-4 | 41.00 | NOTE | |||
r-release-windows-x86_64 | 1.0-4 | 7.00 | 67.00 | 74.00 | NOTE | |
r-oldrel-macos-arm64 | 1.0-4 | 34.00 | OK | |||
r-oldrel-macos-x86_64 | 1.0-4 | 75.00 | OK | |||
r-oldrel-windows-x86_64 | 1.0-4 | 9.00 | 92.00 | 101.00 | OK |
Version: 1.0-4
Check: Rd files
Result: NOTE
checkRd: (-1) distSG.Rd:40: Lost braces; missing escapes or markup?
40 | matrix and weight matrix (plus a matrix with {eID} identifiers
| ^
Flavors: r-devel-linux-x86_64-debian-clang, r-devel-linux-x86_64-debian-gcc, r-devel-linux-x86_64-fedora-clang, r-devel-linux-x86_64-fedora-gcc, r-devel-macos-arm64, r-devel-macos-x86_64, r-devel-windows-x86_64, r-patched-linux-x86_64, r-release-linux-x86_64, r-release-macos-arm64, r-release-macos-x86_64, r-release-windows-x86_64