Last updated on 2025-02-18 02:50:50 CET.
Flavor | Version | Tinstall | Tcheck | Ttotal | Status | Flags |
---|---|---|---|---|---|---|
r-devel-linux-x86_64-debian-clang | 1.0.6 | 7.86 | 32.08 | 39.94 | NOTE | |
r-devel-linux-x86_64-debian-gcc | 1.0.6 | 4.28 | 24.24 | 28.52 | NOTE | |
r-devel-linux-x86_64-fedora-clang | 1.0.6 | 66.34 | NOTE | |||
r-devel-linux-x86_64-fedora-gcc | 1.0.6 | 63.69 | NOTE | |||
r-devel-macos-arm64 | 1.0.6 | 25.00 | OK | |||
r-devel-macos-x86_64 | 1.0.6 | 39.00 | NOTE | |||
r-devel-windows-x86_64 | 1.0.6 | 8.00 | 49.00 | 57.00 | NOTE | |
r-patched-linux-x86_64 | 1.0.6 | 6.54 | 30.46 | 37.00 | OK | |
r-release-linux-x86_64 | 1.0.6 | 6.94 | 29.96 | 36.90 | OK | |
r-release-macos-arm64 | 1.0.6 | 23.00 | OK | |||
r-release-macos-x86_64 | 1.0.6 | 59.00 | OK | |||
r-release-windows-x86_64 | 1.0.6 | 11.00 | 49.00 | 60.00 | OK | |
r-oldrel-macos-arm64 | 1.0.6 | 28.00 | OK | |||
r-oldrel-macos-x86_64 | 1.0.6 | 45.00 | OK | |||
r-oldrel-windows-x86_64 | 1.0.6 | 12.00 | 71.00 | 83.00 | OK |
Version: 1.0.6
Check: DESCRIPTION meta-information
Result: NOTE
Missing dependency on R >= 4.1.0 because package code uses the pipe
|> or function shorthand \(...) syntax added in R 4.1.0.
File(s) using such syntax:
‘analysis_age.R’ ‘analysis_alpha.R’ ‘analysis_helpers.R’
‘analysis_helpers_table.R’ ‘analysis_photo.R’ ‘analysis_radio.R’
‘analysis_setup.R’ ‘export_Output_Settings.R’ ‘export_download.R’
‘export_helpers.R’ ‘export_helpers_plot.R’ ‘export_helpers_table.R’
‘import_examples.R’ ‘import_examples_box.R’
Flavors: r-devel-linux-x86_64-debian-clang, r-devel-linux-x86_64-debian-gcc, r-devel-linux-x86_64-fedora-clang, r-devel-linux-x86_64-fedora-gcc, r-devel-macos-x86_64, r-devel-windows-x86_64