CRAN Package Check Results for Package SpiceFP

Last updated on 2025-02-20 14:51:10 CET.

Flavor Version Tinstall Tcheck Ttotal Status Flags
r-devel-linux-x86_64-debian-clang 0.1.2 9.68 79.88 89.56 OK
r-devel-linux-x86_64-debian-gcc 0.1.2 6.52 60.53 67.05 OK
r-devel-linux-x86_64-fedora-clang 0.1.2 150.55 OK
r-devel-linux-x86_64-fedora-gcc 0.1.2 156.62 OK
r-devel-macos-arm64 0.1.2 52.00 OK
r-devel-macos-x86_64 0.1.2 95.00 OK
r-devel-windows-x86_64 0.1.2 10.00 105.00 115.00 OK
r-patched-linux-x86_64 0.1.2 10.09 73.22 83.31 OK
r-release-linux-x86_64 0.1.2 9.15 75.61 84.76 OK
r-release-macos-arm64 0.1.2 46.00 OK
r-release-macos-x86_64 0.1.2 81.00 OK
r-release-windows-x86_64 0.1.2 11.00 3.00 14.00 FAIL
r-oldrel-macos-arm64 0.1.2 51.00 OK
r-oldrel-macos-x86_64 0.1.2 88.00 OK
r-oldrel-windows-x86_64 0.1.2 12.00 136.00 148.00 OK

Check Details

Version: 0.1.2
Check: package dependencies
Result: FAIL
Flavor: r-release-windows-x86_64