CRAN Package Check Results for Package Sstack

Last updated on 2025-02-20 14:51:10 CET.

Flavor Version Tinstall Tcheck Ttotal Status Flags
r-devel-linux-x86_64-debian-clang 1.0.1 4.43 34.27 38.70 OK
r-devel-linux-x86_64-debian-gcc 1.0.1 3.15 25.44 28.59 OK
r-devel-linux-x86_64-fedora-clang 1.0.1 66.48 OK
r-devel-linux-x86_64-fedora-gcc 1.0.1 61.51 OK
r-devel-macos-arm64 1.0.1 24.00 OK
r-devel-macos-x86_64 1.0.1 42.00 OK
r-devel-windows-x86_64 1.0.1 5.00 57.00 62.00 OK
r-patched-linux-x86_64 1.0.1 4.41 31.97 36.38 OK
r-release-linux-x86_64 1.0.1 4.05 32.08 36.13 OK
r-release-macos-arm64 1.0.1 25.00 OK
r-release-macos-x86_64 1.0.1 34.00 OK
r-release-windows-x86_64 1.0.1 6.00 3.00 9.00 FAIL
r-oldrel-macos-arm64 1.0.1 26.00 OK
r-oldrel-macos-x86_64 1.0.1 35.00 OK
r-oldrel-windows-x86_64 1.0.1 7.00 88.00 95.00 OK

Check Details

Version: 1.0.1
Check: package dependencies
Result: FAIL
Flavor: r-release-windows-x86_64