Last updated on 2025-02-18 02:50:51 CET.
Flavor | Version | Tinstall | Tcheck | Ttotal | Status | Flags |
---|---|---|---|---|---|---|
r-devel-linux-x86_64-debian-clang | 1.2 | 3.68 | 31.99 | 35.67 | NOTE | |
r-devel-linux-x86_64-debian-gcc | 1.2 | 3.24 | 24.33 | 27.57 | NOTE | |
r-devel-linux-x86_64-fedora-clang | 1.2 | 61.59 | NOTE | |||
r-devel-linux-x86_64-fedora-gcc | 1.2 | 55.91 | NOTE | |||
r-devel-macos-arm64 | 1.2 | 24.00 | NOTE | |||
r-devel-macos-x86_64 | 1.2 | 39.00 | NOTE | |||
r-devel-windows-x86_64 | 1.2 | 6.00 | 55.00 | 61.00 | NOTE | |
r-patched-linux-x86_64 | 1.2 | 3.89 | 30.14 | 34.03 | NOTE | |
r-release-linux-x86_64 | 1.2 | 4.02 | 30.22 | 34.24 | NOTE | |
r-release-macos-arm64 | 1.2 | 24.00 | NOTE | |||
r-release-macos-x86_64 | 1.2 | 48.00 | NOTE | |||
r-release-windows-x86_64 | 1.2 | 6.00 | 55.00 | 61.00 | NOTE | |
r-oldrel-macos-arm64 | 1.2 | 22.00 | OK | |||
r-oldrel-macos-x86_64 | 1.2 | 32.00 | OK | |||
r-oldrel-windows-x86_64 | 1.2 | 7.00 | 61.00 | 68.00 | OK |
Version: 1.2
Check: Rd files
Result: NOTE
checkRd: (-1) powderymildew.Rd:14-16: Lost braces
14 | \code{$demographic.coord}{
| ^
checkRd: (-1) powderymildew.Rd:18-20: Lost braces
18 | \code{$genetic.coord}{
| ^
checkRd: (-1) powderymildew.Rd:22-24: Lost braces
22 | \code{$demographic.measures}{
| ^
checkRd: (-1) powderymildew.Rd:26-28: Lost braces
26 | \code{$genetic.frequencies}{
| ^
Flavors: r-devel-linux-x86_64-debian-clang, r-devel-linux-x86_64-debian-gcc, r-devel-linux-x86_64-fedora-clang, r-devel-linux-x86_64-fedora-gcc, r-devel-macos-arm64, r-devel-macos-x86_64, r-devel-windows-x86_64, r-patched-linux-x86_64, r-release-linux-x86_64, r-release-macos-arm64, r-release-macos-x86_64, r-release-windows-x86_64