CRAN Package Check Results for Package String2AdjMatrix

Last updated on 2025-02-21 02:52:26 CET.

Flavor Version Tinstall Tcheck Ttotal Status Flags
r-devel-linux-x86_64-debian-clang 0.1.0 2.33 22.78 25.11 OK
r-devel-linux-x86_64-debian-gcc 0.1.0 1.93 18.55 20.48 OK
r-devel-linux-x86_64-fedora-clang 0.1.0 40.81 OK
r-devel-linux-x86_64-fedora-gcc 0.1.0 39.44 OK
r-devel-macos-arm64 0.1.0 21.00 OK
r-devel-macos-x86_64 0.1.0 28.00 OK
r-devel-windows-x86_64 0.1.0 4.00 44.00 48.00 OK
r-patched-linux-x86_64 0.1.0 2.26 21.71 23.97 NOTE
r-release-linux-x86_64 0.1.0 2.30 21.60 23.90 NOTE
r-release-macos-arm64 0.1.0 19.00 NOTE
r-release-macos-x86_64 0.1.0 25.00 NOTE
r-release-windows-x86_64 0.1.0 4.00 43.00 47.00 NOTE
r-oldrel-macos-arm64 0.1.0 18.00 NOTE
r-oldrel-macos-x86_64 0.1.0 23.00 NOTE
r-oldrel-windows-x86_64 0.1.0 4.00 67.00 71.00 NOTE

Check Details

Version: 0.1.0
Check: LazyData
Result: NOTE 'LazyData' is specified without a 'data' directory Flavors: r-patched-linux-x86_64, r-release-linux-x86_64, r-release-macos-arm64, r-release-macos-x86_64, r-release-windows-x86_64, r-oldrel-macos-arm64, r-oldrel-macos-x86_64, r-oldrel-windows-x86_64