Last updated on 2025-02-21 02:52:26 CET.
Flavor | Version | Tinstall | Tcheck | Ttotal | Status | Flags |
---|---|---|---|---|---|---|
r-devel-linux-x86_64-debian-clang | 0.1.9 | 55.25 | 443.08 | 498.33 | OK | |
r-devel-linux-x86_64-debian-gcc | 0.1.9 | 40.18 | 328.22 | 368.40 | OK | |
r-devel-linux-x86_64-fedora-clang | 0.1.9 | 793.16 | OK | |||
r-devel-linux-x86_64-fedora-gcc | 0.1.9 | 824.44 | OK | |||
r-devel-macos-arm64 | 0.1.9 | 215.00 | OK | |||
r-devel-macos-x86_64 | 0.1.9 | 6.00 | ERROR | |||
r-devel-windows-x86_64 | 0.1.9 | 53.00 | 462.00 | 515.00 | OK | |
r-patched-linux-x86_64 | 0.1.9 | 44.91 | 389.20 | 434.11 | OK | |
r-release-linux-x86_64 | 0.1.9 | 45.21 | 392.86 | 438.07 | OK | |
r-release-macos-arm64 | 0.1.9 | 223.00 | OK | |||
r-release-macos-x86_64 | 0.1.9 | 322.00 | NOTE | |||
r-release-windows-x86_64 | 0.1.9 | 52.00 | 488.00 | 540.00 | OK | |
r-oldrel-macos-arm64 | 0.1.9 | 18.00 | ERROR | |||
r-oldrel-macos-x86_64 | 0.1.9 | 13.00 | ERROR | |||
r-oldrel-windows-x86_64 | 0.1.9 | 65.00 | 483.00 | 548.00 | OK |
Version: 0.1.9
Check: package dependencies
Result: ERROR
Package required but not available: ‘ChemmineR’
See section ‘The DESCRIPTION file’ in the ‘Writing R Extensions’
manual.
Flavor: r-devel-macos-x86_64
Version: 0.1.9
Check: installed package size
Result: NOTE
installed size is 5.7Mb
sub-directories of 1Mb or more:
data 5.0Mb
Flavor: r-release-macos-x86_64
Version: 0.1.9
Check: package dependencies
Result: ERROR
Package required but not available: ‘GSVA’
See section ‘The DESCRIPTION file’ in the ‘Writing R Extensions’
manual.
Flavors: r-oldrel-macos-arm64, r-oldrel-macos-x86_64