Last updated on 2025-02-20 14:51:10 CET.
Flavor | Version | Tinstall | Tcheck | Ttotal | Status | Flags |
---|---|---|---|---|---|---|
r-devel-linux-x86_64-debian-clang | 1.0.1 | 18.34 | 109.24 | 127.58 | OK | |
r-devel-linux-x86_64-debian-gcc | 1.0.1 | 13.90 | 73.35 | 87.25 | OK | |
r-devel-linux-x86_64-fedora-clang | 1.0.1 | 219.98 | OK | |||
r-devel-linux-x86_64-fedora-gcc | 1.0.1 | 235.42 | OK | |||
r-devel-macos-arm64 | 1.0.1 | 72.00 | OK | |||
r-devel-macos-x86_64 | 1.0.1 | 124.00 | OK | |||
r-devel-windows-x86_64 | 1.0.1 | 21.00 | 115.00 | 136.00 | OK | |
r-patched-linux-x86_64 | 1.0.1 | 18.21 | 104.95 | 123.16 | NOTE | |
r-release-linux-x86_64 | 1.0.1 | 17.85 | 106.55 | 124.40 | NOTE | |
r-release-macos-arm64 | 1.0.1 | 65.00 | NOTE | |||
r-release-macos-x86_64 | 1.0.1 | 99.00 | NOTE | |||
r-release-windows-x86_64 | 1.0.1 | 20.00 | 117.00 | 137.00 | NOTE | |
r-oldrel-macos-arm64 | 1.0.1 | 74.00 | NOTE | |||
r-oldrel-macos-x86_64 | 1.0.1 | 101.00 | NOTE | |||
r-oldrel-windows-x86_64 | 1.0.1 | 24.00 | 155.00 | 179.00 | NOTE |
Version: 1.0.1
Check: package dependencies
Result: NOTE
Package suggested but not available for checking: ‘velocyto.R’
Flavors: r-patched-linux-x86_64, r-release-linux-x86_64, r-release-macos-arm64, r-release-macos-x86_64, r-release-windows-x86_64, r-oldrel-macos-arm64, r-oldrel-macos-x86_64, r-oldrel-windows-x86_64