CRAN Package Check Results for Package SurviMChd

Last updated on 2025-02-20 14:51:11 CET.

Flavor Version Tinstall Tcheck Ttotal Status Flags
r-devel-linux-x86_64-debian-clang 0.1.2 5.08 39.10 44.18 OK
r-devel-linux-x86_64-debian-gcc 0.1.2 3.84 27.44 31.28 OK
r-devel-linux-x86_64-fedora-clang 0.1.2 73.31 OK
r-devel-linux-x86_64-fedora-gcc 0.1.2 64.04 OK
r-devel-macos-arm64 0.1.2 24.00 OK
r-devel-macos-x86_64 0.1.2 44.00 OK
r-devel-windows-x86_64 0.1.2 7.00 59.00 66.00 OK
r-patched-linux-x86_64 0.1.2 5.70 35.47 41.17 OK
r-release-linux-x86_64 0.1.2 5.11 35.26 40.37 OK
r-release-macos-arm64 0.1.2 22.00 OK
r-release-macos-x86_64 0.1.2 36.00 OK
r-release-windows-x86_64 0.1.2 7.00 3.00 10.00 FAIL
r-oldrel-macos-arm64 0.1.2 30.00 OK
r-oldrel-macos-x86_64 0.1.2 49.00 OK
r-oldrel-windows-x86_64 0.1.2 8.00 74.00 82.00 OK

Check Details

Version: 0.1.2
Check: package dependencies
Result: FAIL
Flavor: r-release-windows-x86_64