Last updated on 2025-02-21 02:52:27 CET.
Flavor | Version | Tinstall | Tcheck | Ttotal | Status | Flags |
---|---|---|---|---|---|---|
r-devel-linux-x86_64-debian-clang | 1.1.0 | 7.33 | 241.99 | 249.32 | OK | |
r-devel-linux-x86_64-debian-gcc | 1.1.0 | 4.96 | 137.84 | 142.80 | OK | |
r-devel-linux-x86_64-fedora-clang | 1.1.0 | 409.99 | OK | |||
r-devel-linux-x86_64-fedora-gcc | 1.1.0 | 386.11 | OK | |||
r-devel-macos-arm64 | 1.1.0 | 97.00 | OK | |||
r-devel-macos-x86_64 | 1.1.0 | 238.00 | OK | |||
r-devel-windows-x86_64 | 1.1.0 | 10.00 | 302.00 | 312.00 | OK | |
r-patched-linux-x86_64 | 1.1.0 | 8.00 | 224.44 | 232.44 | OK | |
r-release-linux-x86_64 | 1.1.0 | 6.91 | 225.27 | 232.18 | OK | |
r-release-macos-arm64 | 1.1.0 | 100.00 | NOTE | |||
r-release-macos-x86_64 | 1.1.0 | 190.00 | NOTE | |||
r-release-windows-x86_64 | 1.1.0 | 10.00 | 278.00 | 288.00 | OK | |
r-oldrel-macos-arm64 | 1.1.0 | 109.00 | NOTE | |||
r-oldrel-macos-x86_64 | 1.1.0 | 215.00 | NOTE | |||
r-oldrel-windows-x86_64 | 1.1.0 | 12.00 | 348.00 | 360.00 | NOTE |
Version: 1.1.0
Check: installed package size
Result: NOTE
installed size is 5.0Mb
sub-directories of 1Mb or more:
data 2.9Mb
doc 1.8Mb
Flavors: r-release-macos-arm64, r-release-macos-x86_64, r-oldrel-macos-arm64, r-oldrel-macos-x86_64, r-oldrel-windows-x86_64