Last updated on 2025-02-21 02:52:27 CET.
Flavor | Version | Tinstall | Tcheck | Ttotal | Status | Flags |
---|---|---|---|---|---|---|
r-devel-linux-x86_64-debian-clang | 0.5.1 | 24.76 | 72.86 | 97.62 | NOTE | |
r-devel-linux-x86_64-debian-gcc | 0.5.1 | 17.19 | 51.25 | 68.44 | NOTE | |
r-devel-linux-x86_64-fedora-clang | 0.5.1 | 169.86 | NOTE | |||
r-devel-linux-x86_64-fedora-gcc | 0.5.1 | 150.69 | NOTE | |||
r-devel-macos-arm64 | 0.5.1 | 45.00 | NOTE | |||
r-devel-macos-x86_64 | 0.5.1 | 80.00 | NOTE | |||
r-devel-windows-x86_64 | 0.5.1 | 27.00 | 101.00 | 128.00 | NOTE | |
r-patched-linux-x86_64 | 0.5.1 | 23.01 | 68.61 | 91.62 | NOTE | |
r-release-linux-x86_64 | 0.5.1 | 20.56 | 67.54 | 88.10 | NOTE | |
r-release-macos-arm64 | 0.5.1 | 50.00 | NOTE | |||
r-release-macos-x86_64 | 0.5.1 | 75.00 | NOTE | |||
r-release-windows-x86_64 | 0.5.1 | 28.00 | 99.00 | 127.00 | NOTE | |
r-oldrel-macos-arm64 | 0.5.1 | 51.00 | NOTE | |||
r-oldrel-macos-x86_64 | 0.5.1 | 79.00 | NOTE | |||
r-oldrel-windows-x86_64 | 0.5.1 | 33.00 | 132.00 | 165.00 | NOTE |
Version: 0.5.1
Check: C++ specification
Result: NOTE
Specified C++11: please drop specification unless essential
Flavors: r-devel-linux-x86_64-debian-clang, r-devel-linux-x86_64-debian-gcc, r-devel-linux-x86_64-fedora-clang, r-devel-linux-x86_64-fedora-gcc, r-devel-macos-arm64, r-devel-macos-x86_64, r-devel-windows-x86_64, r-patched-linux-x86_64, r-release-linux-x86_64, r-release-macos-arm64, r-release-macos-x86_64, r-release-windows-x86_64, r-oldrel-macos-arm64, r-oldrel-macos-x86_64, r-oldrel-windows-x86_64