Last updated on 2025-02-20 14:51:11 CET.
Flavor | Version | Tinstall | Tcheck | Ttotal | Status | Flags |
---|---|---|---|---|---|---|
r-devel-linux-x86_64-debian-clang | 2018.5-1 | 105.97 | 18.09 | 124.06 | NOTE | |
r-devel-linux-x86_64-debian-gcc | 2018.5-1 | 68.52 | 15.23 | 83.75 | NOTE | |
r-devel-linux-x86_64-fedora-clang | 2018.5-1 | 298.42 | NOTE | |||
r-devel-linux-x86_64-fedora-gcc | 2018.5-1 | 217.43 | NOTE | |||
r-devel-macos-arm64 | 2018.5-1 | 48.00 | NOTE | |||
r-devel-macos-x86_64 | 2018.5-1 | 51.00 | NOTE | |||
r-devel-windows-x86_64 | 2018.5-1 | 161.00 | 65.00 | 226.00 | NOTE | |
r-patched-linux-x86_64 | 2018.5-1 | 95.97 | 17.28 | 113.25 | NOTE | |
r-release-linux-x86_64 | 2018.5-1 | 96.72 | 17.21 | 113.93 | NOTE | |
r-release-macos-arm64 | 2018.5-1 | 60.00 | NOTE | |||
r-release-macos-x86_64 | 2018.5-1 | 56.00 | NOTE | |||
r-release-windows-x86_64 | 2018.5-1 | 155.00 | 61.00 | 216.00 | NOTE | |
r-oldrel-macos-arm64 | 2018.5-1 | 79.00 | OK | |||
r-oldrel-macos-x86_64 | 2018.5-1 | 147.00 | OK | |||
r-oldrel-windows-x86_64 | 2018.5-1 | 164.00 | 103.00 | 267.00 | OK |
Version: 2018.5-1
Check: Rd files
Result: NOTE
checkRd: (-1) TAQ-functions.Rd:119: Lost braces
119 | Brownlees, C. T., and Gallo, G. M. (2006). Financial Econometric Analysis at Ultra{--}High Frequency: Data Handling Concerns, \emph{Computational Statistics and Data Analysis} \bold{51}, 2232--2245.
| ^
checkRd: (-1) TAQ-package.Rd:59: Lost braces
59 | Brownlees, C. T., and Gallo, G. M. (2006). Financial Econometric Analysis at Ultra{--}High Frequency: Data Handling Concerns, \emph{Computational Statistics and Data Analysis} \bold{51}, 2232--2245.
| ^
Flavors: r-devel-linux-x86_64-debian-clang, r-devel-linux-x86_64-debian-gcc, r-devel-linux-x86_64-fedora-clang, r-devel-linux-x86_64-fedora-gcc, r-devel-macos-arm64, r-devel-macos-x86_64, r-devel-windows-x86_64, r-patched-linux-x86_64, r-release-linux-x86_64, r-release-macos-arm64, r-release-macos-x86_64, r-release-windows-x86_64